{"id":94,"date":"2013-02-01T13:40:47","date_gmt":"2013-02-01T12:40:47","guid":{"rendered":"http:\/\/hrkll.ch\/WordPress\/?page_id=94"},"modified":"2020-07-27T08:38:48","modified_gmt":"2020-07-27T07:38:48","slug":"kuenstliche-intelligenz","status":"publish","type":"page","link":"https:\/\/hrkll.ch\/WordPress\/lernen-durch-mitmachen\/theoriebildung\/kuenstliche-intelligenz\/","title":{"rendered":"Anregungen aus dem Bereich K\u00fcnstliche Intelligenz"},"content":{"rendered":"<h3><a title=\"Multi Agent Systems\" href=\"http:\/\/hrkll.ch\/WordPress\/?page_id=98\">Multi-Agent Systems<\/a><\/h3>\n<p>Multi-Agent Systems kann man als Spezialgebiet der K\u00fcnstlichen Intelligenz betrachten. Es hat sich aus dem Gebiet der Verteilten K\u00fcnstlichen Intelligenz heraus entwickelt. Untersucht werden Systeme, in denen mehrere Agenten am Werk sind. Dies k\u00f6nnen simulierte Agenten in einer (einfachen) simulierten Umwelt sein (wie bei Wolf und Schafe), aber auch Teams von Robotern in einem realen Setting (z.B. Fussballteams am RoboCup) oder kommunizierende Softwareagenten im Internet.<\/p>\n<p>Aus diesem Bereich ergeben sich diverse Anregungen f\u00fcr die Gestaltung der Schafe.<\/p>\n<h3><a title=\"Kommunikation zwischen autonomen Agenten\" href=\"http:\/\/hrkll.ch\/WordPress\/?page_id=100\">Kommunikation zwischen autonomen Agenten<\/a><\/h3>\n<p>Ein Spezialthema der Multi-Agent Systems ist die Frage der Kommunikation zwischen diesen Agenten. Vieles, was diskutiert wird, bezieht sich auf Probleme, die Softwareagenten haben, die z.B. im Internet mit anderen Agenten zusammenarbeiten sollen. Aber auch hier ergeben sich Anregungen f\u00fcr die Kommunikation zwischen den Schafen.<\/p>\n<h3><a title=\"Literaturliste MAS\" href=\"http:\/\/hrkll.ch\/WordPress\/?page_id=106\">Literaturliste<\/a><\/h3>\n<p>Eine Literaturliste (nur nachgef\u00fchrt bis ca. 2002)<\/p>\n","protected":false},"excerpt":{"rendered":"<p>Multi-Agent Systems Multi-Agent Systems kann man als Spezialgebiet der K\u00fcnstlichen Intelligenz betrachten. Es hat sich aus dem Gebiet der Verteilten K\u00fcnstlichen Intelligenz heraus entwickelt. Untersucht werden Systeme, in denen mehrere Agenten am Werk sind. Dies k\u00f6nnen simulierte Agenten in einer &hellip; <a href=\"https:\/\/hrkll.ch\/WordPress\/lernen-durch-mitmachen\/theoriebildung\/kuenstliche-intelligenz\/\">Weiterlesen <span class=\"meta-nav\">&rarr;<\/span><\/a><\/p>\n","protected":false},"author":7,"featured_media":0,"parent":4496,"menu_order":0,"comment_status":"closed","ping_status":"closed","template":"sidebar-page.php","meta":{"footnotes":""},"class_list":["post-94","page","type-page","status-publish","hentry"],"_links":{"self":[{"href":"https:\/\/hrkll.ch\/WordPress\/wp-json\/wp\/v2\/pages\/94","targetHints":{"allow":["GET"]}}],"collection":[{"href":"https:\/\/hrkll.ch\/WordPress\/wp-json\/wp\/v2\/pages"}],"about":[{"href":"https:\/\/hrkll.ch\/WordPress\/wp-json\/wp\/v2\/types\/page"}],"author":[{"embeddable":true,"href":"https:\/\/hrkll.ch\/WordPress\/wp-json\/wp\/v2\/users\/7"}],"replies":[{"embeddable":true,"href":"https:\/\/hrkll.ch\/WordPress\/wp-json\/wp\/v2\/comments?post=94"}],"version-history":[{"count":1,"href":"https:\/\/hrkll.ch\/WordPress\/wp-json\/wp\/v2\/pages\/94\/revisions"}],"predecessor-version":[{"id":4500,"href":"https:\/\/hrkll.ch\/WordPress\/wp-json\/wp\/v2\/pages\/94\/revisions\/4500"}],"up":[{"embeddable":true,"href":"https:\/\/hrkll.ch\/WordPress\/wp-json\/wp\/v2\/pages\/4496"}],"wp:attachment":[{"href":"https:\/\/hrkll.ch\/WordPress\/wp-json\/wp\/v2\/media?parent=94"}],"curies":[{"name":"wp","href":"https:\/\/api.w.org\/{rel}","templated":true}]}}