{"id":709,"date":"2013-02-03T14:59:26","date_gmt":"2013-02-03T13:59:26","guid":{"rendered":"http:\/\/hrkll.ch\/WordPress\/?page_id=709"},"modified":"2013-02-14T09:55:07","modified_gmt":"2013-02-14T08:55:07","slug":"25-transferforderung-1998","status":"publish","type":"page","link":"https:\/\/hrkll.ch\/WordPress\/iml2\/das-buch\/entstehungsgeschichte\/25-transferforderung-1998\/","title":{"rendered":"25. Transferf\u00f6rderung (1998)"},"content":{"rendered":"<p>Neben der Weiterbildung Lehrender geh\u00f6rte zu meinen Aufgaben die Beratung von Schulen, konkret von Berufsschulen im Gesundheitswesen. Die meisten Ausbildungen in diesem Bereich sind in der Schweiz so organisiert, dass sich jeweils l\u00e4ngere Phasen an der Schule (in der Gr\u00f6sse von einigen Monaten) mit l\u00e4ngeren Phasen im praktischen Einsatz (ebenfalls einige Monate bis ein halbes Jahr) abwechseln. Dies ist eigentlich eine sehr g\u00fcnstige Ausbildungsform, indem Schule und Praktikum intensiv aufeinander bezogen werden k\u00f6nnen und die Schule von den Lernenden auch immer wieder erf\u00e4hrt, wie gut das an der Schule gelernte in der Praxis zu gebrauchen war. Entsprechend stellt sich f\u00fcr viele dieser Schulen die Frage, wie man denn am besten unterrichtet, so dass wirklich ein Transfer in die Praxis stattfindet, immer wieder. Als Berater war ich deshalb auch immer wieder mit dieser Frage konfrontiert und mit der Zeit entstand daraus ein kleiner Leitfaden (vgl. Buch 20).<\/p>\n<h2>Transfer in Abgrenzung zu anderen Vorg\u00e4ngen \ud83d\ude09<\/h2>\n<h2><img loading=\"lazy\" decoding=\"async\" alt=\"\" src=\"http:\/\/www.hrkll.ch\/typo\/fileadmin\/bilder\/zusatz_buch\/transfer.jpg\" width=\"484\" height=\"157\" \/><\/h2>\n<p>&lt;&lt;<a title=\"24. Widerst\u00e4nde und Verst\u00e4ndnis (1998)\" href=\"http:\/\/hrkll.ch\/WordPress\/?page_id=707\">vorher<\/a>\u00a0\u00a0\u00a0\u00a0\u00a0\u00a0\u00a0 <a title=\"26. Schienenmodell (1999)\" href=\"http:\/\/hrkll.ch\/WordPress\/?page_id=715\">nachher<\/a>&gt;&gt;<\/p>\n","protected":false},"excerpt":{"rendered":"<p>Neben der Weiterbildung Lehrender geh\u00f6rte zu meinen Aufgaben die Beratung von Schulen, konkret von Berufsschulen im Gesundheitswesen. Die meisten Ausbildungen in diesem Bereich sind in der Schweiz so organisiert, dass sich jeweils l\u00e4ngere Phasen an der Schule (in der Gr\u00f6sse &hellip; <a href=\"https:\/\/hrkll.ch\/WordPress\/iml2\/das-buch\/entstehungsgeschichte\/25-transferforderung-1998\/\">Weiterlesen <span class=\"meta-nav\">&rarr;<\/span><\/a><\/p>\n","protected":false},"author":7,"featured_media":0,"parent":632,"menu_order":24,"comment_status":"closed","ping_status":"closed","template":"sidebar-page.php","meta":{"footnotes":""},"class_list":["post-709","page","type-page","status-publish","hentry"],"_links":{"self":[{"href":"https:\/\/hrkll.ch\/WordPress\/wp-json\/wp\/v2\/pages\/709","targetHints":{"allow":["GET"]}}],"collection":[{"href":"https:\/\/hrkll.ch\/WordPress\/wp-json\/wp\/v2\/pages"}],"about":[{"href":"https:\/\/hrkll.ch\/WordPress\/wp-json\/wp\/v2\/types\/page"}],"author":[{"embeddable":true,"href":"https:\/\/hrkll.ch\/WordPress\/wp-json\/wp\/v2\/users\/7"}],"replies":[{"embeddable":true,"href":"https:\/\/hrkll.ch\/WordPress\/wp-json\/wp\/v2\/comments?post=709"}],"version-history":[{"count":0,"href":"https:\/\/hrkll.ch\/WordPress\/wp-json\/wp\/v2\/pages\/709\/revisions"}],"up":[{"embeddable":true,"href":"https:\/\/hrkll.ch\/WordPress\/wp-json\/wp\/v2\/pages\/632"}],"wp:attachment":[{"href":"https:\/\/hrkll.ch\/WordPress\/wp-json\/wp\/v2\/media?parent=709"}],"curies":[{"name":"wp","href":"https:\/\/api.w.org\/{rel}","templated":true}]}}