{"id":697,"date":"2013-02-03T14:45:53","date_gmt":"2013-02-03T13:45:53","guid":{"rendered":"http:\/\/hrkll.ch\/WordPress\/?page_id=697"},"modified":"2013-02-08T18:49:41","modified_gmt":"2013-02-08T17:49:41","slug":"21-reflektierende-fallstudie-1996","status":"publish","type":"page","link":"https:\/\/hrkll.ch\/WordPress\/iml2\/das-buch\/entstehungsgeschichte\/21-reflektierende-fallstudie-1996\/","title":{"rendered":"21. Reflektierende Fallstudie (1996)"},"content":{"rendered":"<p>Nach dem Ausflug in die Welt computerbasierter Anwendungsm\u00f6glichkeiten kognitionspsychologischer Theorien (Expertensysteme, computerbasiertes Lehren und Lernen und Mensch- Computer- Interaktion) f\u00fchrte mich mein beruflicher Werdegang dann in eine fundamental andere Gegend. Ich wurde Mitarbeiter des Departements Berufsbildung des Schweizerischen Roten Kreuzes. Diese Institution reglementierte und \u00fcberwachte in der Schweiz die meisten Ausbildungen zu Berufen im Gesundheitsbereich (wie Pflege, Dentalhygiene, Massage, R\u00f6ntgenassistenz etc.). Als p\u00e4dagogischer Mitarbeiter hatte ich dort ein entsprechend weites Wirkungsfeld von der Mitarbeit bei Gestaltung von Ausbildungsverordnungen \u00fcber die Beratung von Schulen bis hin zur Schulung von Lehrkr\u00e4ften.<\/p>\n<p>Urspr\u00fcnglich war der Ankn\u00fcpfungspunkt die Frage, ob das Departement Berufsbildung die Einf\u00fchrung computerbasierter Lehrmittel f\u00f6rdern sollte. Diese Problemstellung trat aber rasch in den Hintergrund, da es brennendere Probleme zu bearbeiten gab. Ein zentrales Problem jeder Berufsbildung ist der Theorie-Praxis-Transfer. Um die Verbindung von Theorie und Praxis zu st\u00e4rken, entwickelten wir eine Form von Fallstudie, die wir &#8222;reflektierende Fallstudie&#8220; nannten (vgl. Buch 21). <a title=\"Reflektierende Fallstudie\" href=\"http:\/\/hrkll.ch\/WordPress\/?page_id=698\">mehr<\/a>&#8230;<\/p>\n<p>&lt;&lt;<a title=\"20. Fachhochschulunterricht (1994-1998)\" href=\"http:\/\/hrkll.ch\/WordPress\/?page_id=695\">vorher<\/a>\u00a0\u00a0\u00a0\u00a0\u00a0\u00a0\u00a0 <a title=\"22. Piaget und Anderson (1997)\" href=\"http:\/\/hrkll.ch\/WordPress\/?page_id=703\">nachher<\/a>&gt;&gt;<\/p>\n","protected":false},"excerpt":{"rendered":"<p>Nach dem Ausflug in die Welt computerbasierter Anwendungsm\u00f6glichkeiten kognitionspsychologischer Theorien (Expertensysteme, computerbasiertes Lehren und Lernen und Mensch- Computer- Interaktion) f\u00fchrte mich mein beruflicher Werdegang dann in eine fundamental andere Gegend. Ich wurde Mitarbeiter des Departements Berufsbildung des Schweizerischen Roten Kreuzes. &hellip; <a href=\"https:\/\/hrkll.ch\/WordPress\/iml2\/das-buch\/entstehungsgeschichte\/21-reflektierende-fallstudie-1996\/\">Weiterlesen <span class=\"meta-nav\">&rarr;<\/span><\/a><\/p>\n","protected":false},"author":7,"featured_media":0,"parent":632,"menu_order":20,"comment_status":"closed","ping_status":"closed","template":"sidebar-page.php","meta":{"footnotes":""},"class_list":["post-697","page","type-page","status-publish","hentry"],"_links":{"self":[{"href":"https:\/\/hrkll.ch\/WordPress\/wp-json\/wp\/v2\/pages\/697","targetHints":{"allow":["GET"]}}],"collection":[{"href":"https:\/\/hrkll.ch\/WordPress\/wp-json\/wp\/v2\/pages"}],"about":[{"href":"https:\/\/hrkll.ch\/WordPress\/wp-json\/wp\/v2\/types\/page"}],"author":[{"embeddable":true,"href":"https:\/\/hrkll.ch\/WordPress\/wp-json\/wp\/v2\/users\/7"}],"replies":[{"embeddable":true,"href":"https:\/\/hrkll.ch\/WordPress\/wp-json\/wp\/v2\/comments?post=697"}],"version-history":[{"count":0,"href":"https:\/\/hrkll.ch\/WordPress\/wp-json\/wp\/v2\/pages\/697\/revisions"}],"up":[{"embeddable":true,"href":"https:\/\/hrkll.ch\/WordPress\/wp-json\/wp\/v2\/pages\/632"}],"wp:attachment":[{"href":"https:\/\/hrkll.ch\/WordPress\/wp-json\/wp\/v2\/media?parent=697"}],"curies":[{"name":"wp","href":"https:\/\/api.w.org\/{rel}","templated":true}]}}