{"id":691,"date":"2013-02-03T14:40:40","date_gmt":"2013-02-03T13:40:40","guid":{"rendered":"http:\/\/hrkll.ch\/WordPress\/?page_id=691"},"modified":"2013-02-08T18:49:20","modified_gmt":"2013-02-08T17:49:20","slug":"18-cbt-1990-1940","status":"publish","type":"page","link":"https:\/\/hrkll.ch\/WordPress\/iml2\/das-buch\/entstehungsgeschichte\/18-cbt-1990-1940\/","title":{"rendered":"18. CBT (1990 -1994)"},"content":{"rendered":"<p>Nachdem es mir gelungen war, im integrierenden Modell des Lernens (IML) so ziemlich alles, was ich bis zu diesem Zeitpunkt \u00fcber Lernen wusste, miteinander in Verbindung zu bringen, war f\u00fcr mich die Zeit reif, die theoretischen \u00dcberlegungen auch praktisch umzusetzen. Da ich die ganze Zeit mit Computern als Hilfsmittel gearbeitet hatte, boten sich vor allem zwei Gebiete an: Computer basiertes Lernen und Mensch- Computer- Interaktion.<\/p>\n<p>Im Anschluss an das Forschungsprojekt arbeitete ich als Berater hintereinander in mehreren Firmen, die computerbasierte Lernprogramme herstellten. Dabei waren beide Themen von Bedeutung. Lernprogramme waren zu dieser Zeit vor allem Informationsvermittlungssysteme. Entsprechend ging es in der konkreten Arbeit vor allem wieder um das verst\u00e4ndliche Erkl\u00e4ren. Erst sp\u00e4ter wurde es m\u00f6glich, das IML wirklich voll auszusch\u00f6pfen (vgl. Buch 16).<\/p>\n<p><a title=\"17. Kleine Entdeckungen (1991)\" href=\"http:\/\/hrkll.ch\/WordPress\/?page_id=689\">&lt;&lt;vorher<\/a>\u00a0\u00a0\u00a0\u00a0\u00a0\u00a0\u00a0\u00a0\u00a0\u00a0\u00a0<a title=\"19. MCI (1992 -1998)\" href=\"http:\/\/hrkll.ch\/WordPress\/?page_id=693\"> nachher&gt;&gt;<\/a><\/p>\n","protected":false},"excerpt":{"rendered":"<p>Nachdem es mir gelungen war, im integrierenden Modell des Lernens (IML) so ziemlich alles, was ich bis zu diesem Zeitpunkt \u00fcber Lernen wusste, miteinander in Verbindung zu bringen, war f\u00fcr mich die Zeit reif, die theoretischen \u00dcberlegungen auch praktisch umzusetzen. &hellip; <a href=\"https:\/\/hrkll.ch\/WordPress\/iml2\/das-buch\/entstehungsgeschichte\/18-cbt-1990-1940\/\">Weiterlesen <span class=\"meta-nav\">&rarr;<\/span><\/a><\/p>\n","protected":false},"author":7,"featured_media":0,"parent":632,"menu_order":17,"comment_status":"closed","ping_status":"closed","template":"sidebar-page.php","meta":{"footnotes":""},"class_list":["post-691","page","type-page","status-publish","hentry"],"_links":{"self":[{"href":"https:\/\/hrkll.ch\/WordPress\/wp-json\/wp\/v2\/pages\/691","targetHints":{"allow":["GET"]}}],"collection":[{"href":"https:\/\/hrkll.ch\/WordPress\/wp-json\/wp\/v2\/pages"}],"about":[{"href":"https:\/\/hrkll.ch\/WordPress\/wp-json\/wp\/v2\/types\/page"}],"author":[{"embeddable":true,"href":"https:\/\/hrkll.ch\/WordPress\/wp-json\/wp\/v2\/users\/7"}],"replies":[{"embeddable":true,"href":"https:\/\/hrkll.ch\/WordPress\/wp-json\/wp\/v2\/comments?post=691"}],"version-history":[{"count":0,"href":"https:\/\/hrkll.ch\/WordPress\/wp-json\/wp\/v2\/pages\/691\/revisions"}],"up":[{"embeddable":true,"href":"https:\/\/hrkll.ch\/WordPress\/wp-json\/wp\/v2\/pages\/632"}],"wp:attachment":[{"href":"https:\/\/hrkll.ch\/WordPress\/wp-json\/wp\/v2\/media?parent=691"}],"curies":[{"name":"wp","href":"https:\/\/api.w.org\/{rel}","templated":true}]}}