{"id":687,"date":"2013-02-03T14:38:20","date_gmt":"2013-02-03T13:38:20","guid":{"rendered":"http:\/\/hrkll.ch\/WordPress\/?page_id=687"},"modified":"2013-02-08T18:49:10","modified_gmt":"2013-02-08T17:49:10","slug":"16-lernaufgaben-lernwege-1992","status":"publish","type":"page","link":"https:\/\/hrkll.ch\/WordPress\/iml2\/das-buch\/entstehungsgeschichte\/16-lernaufgaben-lernwege-1992\/","title":{"rendered":"16. Lernaufgaben, Lernwege (1992)"},"content":{"rendered":"<p>Aber obwohl das mit den H\u00f6hlen ganz spannend war, wollten die Beobachtungen etc. so nicht recht Sinn machen und ein gutes Jahr lang k\u00e4mpfte ich um ein geeignetes theoretisches Modell, um das alles zu beschreiben. Dann war es pl\u00f6tzlich da, das Bild mit den Lernwegen und den Lernproblemen und es gelang gerade noch knapp bevor das Geld alle war, alles aufzuschreiben (vgl. Buch Kapitel 9 und 10). F\u00fcr eine Publikation war keine Zeit mehr. Ich versuchte dann, ob das Produkt als Habilitationsschrift angenommen w\u00fcrde. Aber irgendwie war die Mischung aus Psychologie und K\u00fcnstlicher Intelligenz zu abenteuerlich und es lagen auch keine Publikationen vor, so dass nichts daraus wurde.<\/p>\n<p>&lt;&lt;<a title=\"15. Lernen durch Tun und durch Instruktion (1989 -1992)\" href=\"http:\/\/hrkll.ch\/WordPress\/?page_id=685\">vorher<\/a>\u00a0\u00a0\u00a0\u00a0\u00a0\u00a0\u00a0 <a title=\"17. Kleine Entdeckungen (1991)\" href=\"http:\/\/hrkll.ch\/WordPress\/?page_id=689\">nachher<\/a>&gt;&gt;<\/p>\n","protected":false},"excerpt":{"rendered":"<p>Aber obwohl das mit den H\u00f6hlen ganz spannend war, wollten die Beobachtungen etc. so nicht recht Sinn machen und ein gutes Jahr lang k\u00e4mpfte ich um ein geeignetes theoretisches Modell, um das alles zu beschreiben. Dann war es pl\u00f6tzlich da, &hellip; <a href=\"https:\/\/hrkll.ch\/WordPress\/iml2\/das-buch\/entstehungsgeschichte\/16-lernaufgaben-lernwege-1992\/\">Weiterlesen <span class=\"meta-nav\">&rarr;<\/span><\/a><\/p>\n","protected":false},"author":7,"featured_media":0,"parent":632,"menu_order":15,"comment_status":"closed","ping_status":"closed","template":"sidebar-page.php","meta":{"footnotes":""},"class_list":["post-687","page","type-page","status-publish","hentry"],"_links":{"self":[{"href":"https:\/\/hrkll.ch\/WordPress\/wp-json\/wp\/v2\/pages\/687","targetHints":{"allow":["GET"]}}],"collection":[{"href":"https:\/\/hrkll.ch\/WordPress\/wp-json\/wp\/v2\/pages"}],"about":[{"href":"https:\/\/hrkll.ch\/WordPress\/wp-json\/wp\/v2\/types\/page"}],"author":[{"embeddable":true,"href":"https:\/\/hrkll.ch\/WordPress\/wp-json\/wp\/v2\/users\/7"}],"replies":[{"embeddable":true,"href":"https:\/\/hrkll.ch\/WordPress\/wp-json\/wp\/v2\/comments?post=687"}],"version-history":[{"count":0,"href":"https:\/\/hrkll.ch\/WordPress\/wp-json\/wp\/v2\/pages\/687\/revisions"}],"up":[{"embeddable":true,"href":"https:\/\/hrkll.ch\/WordPress\/wp-json\/wp\/v2\/pages\/632"}],"wp:attachment":[{"href":"https:\/\/hrkll.ch\/WordPress\/wp-json\/wp\/v2\/media?parent=687"}],"curies":[{"name":"wp","href":"https:\/\/api.w.org\/{rel}","templated":true}]}}