{"id":5209,"date":"2023-07-03T10:40:34","date_gmt":"2023-07-03T09:40:34","guid":{"rendered":"https:\/\/hrkll.ch\/WordPress\/?page_id=5209"},"modified":"2023-07-10T07:01:22","modified_gmt":"2023-07-10T06:01:22","slug":"sollen-sie-mir-glauben","status":"publish","type":"page","link":"https:\/\/hrkll.ch\/WordPress\/denkwerzeuge\/sollen-sie-mir-glauben\/","title":{"rendered":"Sollen Sie mir glauben?"},"content":{"rendered":"<p>Und nun die alles entscheidende Frage: Sollen Sie mir glauben? Sollen Sie das Denkwerkzeug, das ich ihnen hier anbiete, f\u00fcr ihren eigenen Gebrauch \u00fcbernehmen?<\/p>\n<p>Wenden wir das bisher Gesagte einmal auf mich selbst an: Ich bin Experte, in dem Sinn, dass ich mich seit fast 50 Jahre intensiv mit der Frage auseinandergesetzt habe: \u201eWem soll ich\/man was glauben?\u201c. Also sollten Sie auf mich die <a href=\"https:\/\/hrkll.ch\/WordPress\/denkwerzeuge\/expertinnen\/\">Empfehlungen bez\u00fcglich Expertinnen und Experten<\/a> anwenden.<\/p>\n<p><strong>Ihr Verwendungszweck:<\/strong> Dazu m\u00fcssen Sie zuerst einmal kl\u00e4ren, zu welchem Zweck Sie nach einem Denkwerkzeug suchen. Wenn Sie jetzt neben mir sitzen w\u00fcrden, k\u00f6nnte ich versuchen, Ihnen dabei zu helfen. Aber leider muss ich Sie bei dieser Aufgabe sich selbst \u00fcberlassen. Ich kann Ihnen nur als Anregung ein paar Verwendungszwecke vorschlagen: Geht es Ihnen darum zu entscheiden, was Sie von dem glauben wollen, was Ihnen in den Medien (klassisch und\/oder sozial) begegnet? Oder ben\u00f6tigen Sie einfach Stoff f\u00fcr Diskussionen in Kreisen, in denen man solche Fragen diskutiert? Oder m\u00f6chten Sie w\u00e4hrend der Lekt\u00fcre angenehm angeregt werden, ohne daraus aber irgendwelche Konsequenzen zu ziehen?<\/p>\n<p>Nur wenn sich Ihr intendierter Verwendungszweck mit meinem deckt, bin ich ein brauchbarer Experte f\u00fcr Sie. Sie k\u00f6nnen zwar versuchen, das, was ich hier sage, auch f\u00fcr andere Zwecke zu benutzen, als die von mir intendierten. Aber dann kann ich keine Garantie daf\u00fcr \u00fcbernehmen, dass dies funktioniert.<\/p>\n<p><strong>Mein Verwendungszweck:<\/strong> Negativ formuliert: Ich habe das hier vorgestellte Denkwerkzeug nicht entwickelt, um in Diskussionen mit Philosophen (Erkenntnistheoretiker:innen, Wissenschaftstheoretiker:innen etc.) bestehen zu k\u00f6nnen und ich habe es auch nie so eingesetzt.<\/p>\n<p>Das Ganze war immer als Werkzeug gedacht, um zu entscheiden, was ich ganz pers\u00f6nlich glauben soll. Als ich angefangen habe, mich systematisch mit der Frage auseinanderzusetzen, stand im Zentrum, was ich als Wissenschaftler\/Forscher glauben soll, entweder wenn ich die Aussagen anderer Wissenschaftler:innen lese oder wenn ich selbst Untersuchungen anstelle. Sp\u00e4ter wurde mir dann klar, dass ich dasselbe Denkwerkzeug auch nutzen kann, um Inhalt in der Zeitung, am Radio oder im Internet zu beurteilen.<\/p>\n<p><strong>Einsatzerfahrung: <\/strong>Ich habe das hier vorgestellte Denkwerkzeug nicht nur aus verschiedenen Quellen und eigenen \u00dcberlegungen zusammengestellt, sondern im oben beschriebenen Sinn immer wieder eingesetzt. Als Wissenschaftler geh\u00f6rt es zu meinen Aufgaben und meinem Selbstverst\u00e4ndnis, alles, was ich lese oder mit eigenen Augen sehe, kritisch zu pr\u00fcfen.<\/p>\n<p><strong>Breite Erfahrung: <\/strong>Im Verlaufe von fast 50 Jahren ist einiges zusammengekommen.<\/p>\n<ul>\n<li>Beruflich: In meinen aktivsten Zeiten habe ich pro Tag um die zweihundert Seiten an Fachb\u00fcchern und Artikeln verarbeitet und bewertet \u2013 und dies v.a. in den Bereichen Mathematik, Philosophie, K\u00fcnstliche Intelligenz, Psychologie, Neurowissenschaften und P\u00e4dagogik.<\/li>\n<li>Fachlich privat: Neben den erw\u00e4hnten Themen habe ich privat auch noch Entwicklungen in Biologie, Verhaltensforschung und Astronomie verfolgt.<\/li>\n<li>Familie: Als Vater zweier Kinder gab es einiges zu den Themen kindliche Entwicklung, Gesundheit und Erziehung zu verarbeiten. Fragen zur Gesundheit waren und sind nat\u00fcrlich auch f\u00fcr mich selbst relevant.<\/li>\n<li>Politik: Da wir hier in der Schweiz pro Jahr \u00fcber 10 oder mehr Vorlagen abstimmen, gab das reichlich Gelegenheit, sich mit den Argumenten von Bef\u00fcrwortern und Gegnern auseinander zu setzen.<\/li>\n<\/ul>\n<p>Ich bin nicht sicher, ob diese Liste vollst\u00e4ndig ist. Aber sie gen\u00fcgt wahrscheinlich, um zu belegen, dass meine Erfahrungen mit den hier vorgestellten Denkwerkzeugen eine gewisse Breite haben. Dass diese Erfahrungen positiv waren und ich somit der Meinung bin, dass das Werkzeug funktioniert, m\u00fcssen sie mir leider einfach glauben.<\/p>\n<p><strong>Interessen entschl\u00fcsseln: <\/strong>Da ich den Verwendungszweck des Denkwerkzeugs explizit geschildert habe, m\u00fcssen sie diesen nicht selbst herausfinden. Es stellt sich nur die Frage, ob ich damit nicht etwas verschleiere und heimlich ganz andere Interessen verfolge. Da hier Experten ziemlich positiv beurteilt werden, k\u00f6nnte es ja sein, dass ich von der <em>Internationalen Vereinigung der Experten<\/em> daf\u00fcr bezahlt bin, f\u00fcr diese Werbung zu machen. Nun, meines Wissens gibt es eine solche Vereinigung nicht und ich kann hier auch beschw\u00f6ren, dass ich von niemandem daf\u00fcr bezahlt oder auch nur ermuntert werde, das hier zu schreiben. Allerdings bin ich selbst Experte in verschiedenen Bereichen schulischen Lernens, und da h\u00e4tte ich mir in meiner Karriere schon manchmal gew\u00fcnscht, dass man mir mehr vertraut h\u00e4tte. Sie m\u00fcssen daher selbst entscheiden, ob Sie deshalb meiner Darstellung gegen\u00fcber misstrauisch sein sollten.<\/p>\n<p><strong>Mehrere Experten:<\/strong> Der kritischste Punkt, den Sie sich in der Beurteilung meiner Empfehlungen \u00fcberlegen m\u00fcssen, ist der, dass ich hier eine Minderheitsmeinung vertrete. Die allermeisten Experten, die sich mit der Frage \u201eWas soll ich glauben?\u201c auseinandersetzen, verwenden als Kriterium \u201eWahrheit\u201c: Glauben soll man, was wahr ist. Mein zentraler Vorschlag, dass man nicht nach Wahrheit, sondern nach der <a href=\"https:\/\/hrkll.ch\/WordPress\/denkwerzeuge\/nuetzlichkeit\/\">N\u00fctzlichkeit<\/a> von Denkwerkzeugen fragen soll, wird zwar auch von anderen vertreten und als Pragmatismus bezeichnet, aber die Pragmatiker sind eine klare Minderheit. Ob ich Sie trotzdem mit der Darstellung der Funktionsweise meines pragmatischen Denkwerkzeugs \u00fcberzeugen konnte, m\u00fcssen Sie selbst entscheiden. Wenn Sie mir glauben, handeln Sie dabei allerdings gegen meine eigene Devise \u201e<a href=\"https:\/\/hrkll.ch\/WordPress\/denkwerzeuge\/expertinnen\/#MehrheitExp\">Glaube der Mehrheit der Expert:innen<\/a>\u201c!<\/p>\n<p>Weiter lesen &gt;&gt; <a href=\"https:\/\/hrkll.ch\/WordPress\/denkwerzeuge\/selbst-zur-expertin-zum-experten-werden\/\">Selbst zur Expertin, zum Experten werden<\/a><\/p>\n","protected":false},"excerpt":{"rendered":"<p>Und nun die alles entscheidende Frage: Sollen Sie mir glauben? Sollen Sie das Denkwerkzeug, das ich ihnen hier anbiete, f\u00fcr ihren eigenen Gebrauch \u00fcbernehmen? Wenden wir das bisher Gesagte einmal auf mich selbst an: Ich bin Experte, in dem Sinn, &hellip; <a href=\"https:\/\/hrkll.ch\/WordPress\/denkwerzeuge\/sollen-sie-mir-glauben\/\">Weiterlesen <span class=\"meta-nav\">&rarr;<\/span><\/a><\/p>\n","protected":false},"author":7,"featured_media":0,"parent":2676,"menu_order":25,"comment_status":"closed","ping_status":"closed","template":"sidebar-page.php","meta":{"footnotes":""},"class_list":["post-5209","page","type-page","status-publish","hentry"],"_links":{"self":[{"href":"https:\/\/hrkll.ch\/WordPress\/wp-json\/wp\/v2\/pages\/5209","targetHints":{"allow":["GET"]}}],"collection":[{"href":"https:\/\/hrkll.ch\/WordPress\/wp-json\/wp\/v2\/pages"}],"about":[{"href":"https:\/\/hrkll.ch\/WordPress\/wp-json\/wp\/v2\/types\/page"}],"author":[{"embeddable":true,"href":"https:\/\/hrkll.ch\/WordPress\/wp-json\/wp\/v2\/users\/7"}],"replies":[{"embeddable":true,"href":"https:\/\/hrkll.ch\/WordPress\/wp-json\/wp\/v2\/comments?post=5209"}],"version-history":[{"count":6,"href":"https:\/\/hrkll.ch\/WordPress\/wp-json\/wp\/v2\/pages\/5209\/revisions"}],"predecessor-version":[{"id":5253,"href":"https:\/\/hrkll.ch\/WordPress\/wp-json\/wp\/v2\/pages\/5209\/revisions\/5253"}],"up":[{"embeddable":true,"href":"https:\/\/hrkll.ch\/WordPress\/wp-json\/wp\/v2\/pages\/2676"}],"wp:attachment":[{"href":"https:\/\/hrkll.ch\/WordPress\/wp-json\/wp\/v2\/media?parent=5209"}],"curies":[{"name":"wp","href":"https:\/\/api.w.org\/{rel}","templated":true}]}}

<p>Und nun die alles entscheidende Frage: Sollen Sie mir glauben? Sollen Sie das Denkwerkzeug, das ich ihnen hier anbiete, für ihren eigenen Gebrauch übernehmen?</p>
<p>Wenden wir das bisher Gesagte einmal auf mich selbst an: Ich bin Experte, in dem Sinn, dass ich mich seit fast 50 Jahre intensiv mit der Frage auseinandergesetzt habe: „Wem soll ich/man was glauben?“. Also sollten Sie auf mich die <a href="https://hrkll.ch/WordPress/denkwerzeuge/expertinnen/">Empfehlungen bezüglich Expertinnen und Experten</a> anwenden.</p>
<p><strong>Ihr Verwendungszweck:</strong> Dazu müssen Sie zuerst einmal klären, zu welchem Zweck Sie nach einem Denkwerkzeug suchen. Wenn Sie jetzt neben mir sitzen würden, könnte ich versuchen, Ihnen dabei zu helfen. Aber leider muss ich Sie bei dieser Aufgabe sich selbst überlassen. Ich kann Ihnen nur als Anregung ein paar Verwendungszwecke vorschlagen: Geht es Ihnen darum zu entscheiden, was Sie von dem glauben wollen, was Ihnen in den Medien (klassisch und/oder sozial) begegnet? Oder benötigen Sie einfach Stoff für Diskussionen in Kreisen, in denen man solche Fragen diskutiert? Oder möchten Sie während der Lektüre angenehm angeregt werden, ohne daraus aber irgendwelche Konsequenzen zu ziehen?</p>
<p>Nur wenn sich Ihr intendierter Verwendungszweck mit meinem deckt, bin ich ein brauchbarer Experte für Sie. Sie können zwar versuchen, das, was ich hier sage, auch für andere Zwecke zu benutzen, als die von mir intendierten. Aber dann kann ich keine Garantie dafür übernehmen, dass dies funktioniert.</p>
<p><strong>Mein Verwendungszweck:</strong> Negativ formuliert: Ich habe das hier vorgestellte Denkwerkzeug nicht entwickelt, um in Diskussionen mit Philosophen (Erkenntnistheoretiker:innen, Wissenschaftstheoretiker:innen etc.) bestehen zu können und ich habe es auch nie so eingesetzt.</p>
<p>Das Ganze war immer als Werkzeug gedacht, um zu entscheiden, was ich ganz persönlich glauben soll. Als ich angefangen habe, mich systematisch mit der Frage auseinanderzusetzen, stand im Zentrum, was ich als Wissenschaftler/Forscher glauben soll, entweder wenn ich die Aussagen anderer Wissenschaftler:innen lese oder wenn ich selbst Untersuchungen anstelle. Später wurde mir dann klar, dass ich dasselbe Denkwerkzeug auch nutzen kann, um Inhalt in der Zeitung, am Radio oder im Internet zu beurteilen.</p>
<p><strong>Einsatzerfahrung: </strong>Ich habe das hier vorgestellte Denkwerkzeug nicht nur aus verschiedenen Quellen und eigenen Überlegungen zusammengestellt, sondern im oben beschriebenen Sinn immer wieder eingesetzt. Als Wissenschaftler gehört es zu meinen Aufgaben und meinem Selbstverständnis, alles, was ich lese oder mit eigenen Augen sehe, kritisch zu prüfen.</p>
<p><strong>Breite Erfahrung: </strong>Im Verlaufe von fast 50 Jahren ist einiges zusammengekommen.</p>
<ul>
<li>Beruflich: In meinen aktivsten Zeiten habe ich pro Tag um die zweihundert Seiten an Fachbüchern und Artikeln verarbeitet und bewertet – und dies v.a. in den Bereichen Mathematik, Philosophie, Künstliche Intelligenz, Psychologie, Neurowissenschaften und Pädagogik.</li>
<li>Fachlich privat: Neben den erwähnten Themen habe ich privat auch noch Entwicklungen in Biologie, Verhaltensforschung und Astronomie verfolgt.</li>
<li>Familie: Als Vater zweier Kinder gab es einiges zu den Themen kindliche Entwicklung, Gesundheit und Erziehung zu verarbeiten. Fragen zur Gesundheit waren und sind natürlich auch für mich selbst relevant.</li>
<li>Politik: Da wir hier in der Schweiz pro Jahr über 10 oder mehr Vorlagen abstimmen, gab das reichlich Gelegenheit, sich mit den Argumenten von Befürwortern und Gegnern auseinander zu setzen.</li>
</ul>
<p>Ich bin nicht sicher, ob diese Liste vollständig ist. Aber sie genügt wahrscheinlich, um zu belegen, dass meine Erfahrungen mit den hier vorgestellten Denkwerkzeugen eine gewisse Breite haben. Dass diese Erfahrungen positiv waren und ich somit der Meinung bin, dass das Werkzeug funktioniert, müssen sie mir leider einfach glauben.</p>
<p><strong>Interessen entschlüsseln: </strong>Da ich den Verwendungszweck des Denkwerkzeugs explizit geschildert habe, müssen sie diesen nicht selbst herausfinden. Es stellt sich nur die Frage, ob ich damit nicht etwas verschleiere und heimlich ganz andere Interessen verfolge. Da hier Experten ziemlich positiv beurteilt werden, könnte es ja sein, dass ich von der <em>Internationalen Vereinigung der Experten</em> dafür bezahlt bin, für diese Werbung zu machen. Nun, meines Wissens gibt es eine solche Vereinigung nicht und ich kann hier auch beschwören, dass ich von niemandem dafür bezahlt oder auch nur ermuntert werde, das hier zu schreiben. Allerdings bin ich selbst Experte in verschiedenen Bereichen schulischen Lernens, und da hätte ich mir in meiner Karriere schon manchmal gewünscht, dass man mir mehr vertraut hätte. Sie müssen daher selbst entscheiden, ob Sie deshalb meiner Darstellung gegenüber misstrauisch sein sollten.</p>
<p><strong>Mehrere Experten:</strong> Der kritischste Punkt, den Sie sich in der Beurteilung meiner Empfehlungen überlegen müssen, ist der, dass ich hier eine Minderheitsmeinung vertrete. Die allermeisten Experten, die sich mit der Frage „Was soll ich glauben?“ auseinandersetzen, verwenden als Kriterium „Wahrheit“: Glauben soll man, was wahr ist. Mein zentraler Vorschlag, dass man nicht nach Wahrheit, sondern nach der <a href="https://hrkll.ch/WordPress/denkwerzeuge/nuetzlichkeit/">Nützlichkeit</a> von Denkwerkzeugen fragen soll, wird zwar auch von anderen vertreten und als Pragmatismus bezeichnet, aber die Pragmatiker sind eine klare Minderheit. Ob ich Sie trotzdem mit der Darstellung der Funktionsweise meines pragmatischen Denkwerkzeugs überzeugen konnte, müssen Sie selbst entscheiden. Wenn Sie mir glauben, handeln Sie dabei allerdings gegen meine eigene Devise „<a href="https://hrkll.ch/WordPress/denkwerzeuge/expertinnen/#MehrheitExp">Glaube der Mehrheit der Expert:innen</a>“!</p>
<p>Weiter lesen &gt;&gt; <a href="https://hrkll.ch/WordPress/denkwerzeuge/selbst-zur-expertin-zum-experten-werden/">Selbst zur Expertin, zum Experten werden</a></p>

<p>Und nun die alles entscheidende Frage: Sollen Sie mir glauben? Sollen Sie das Denkwerkzeug, das ich ihnen hier anbiete, für ihren eigenen Gebrauch übernehmen? Wenden wir das bisher Gesagte einmal auf mich selbst an: Ich bin Experte, in dem Sinn, &hellip; <a href="https://hrkll.ch/WordPress/denkwerzeuge/sollen-sie-mir-glauben/">Weiterlesen <span class="meta-nav">&rarr;</span></a></p>
