{"id":5106,"date":"2023-06-13T14:00:32","date_gmt":"2023-06-13T13:00:32","guid":{"rendered":"https:\/\/hrkll.ch\/WordPress\/?page_id=5106"},"modified":"2023-06-21T18:55:04","modified_gmt":"2023-06-21T17:55:04","slug":"newton-und-flamsteed","status":"publish","type":"page","link":"https:\/\/hrkll.ch\/WordPress\/denkwerzeuge\/kritisches-nachfragen\/newton-und-flamsteed\/","title":{"rendered":"Newton und Flamsteed"},"content":{"rendered":"<p>1687 ver\u00f6ffentlichte Isaac Newton sein Hauptwerk und publizierte vier Formeln, mit deren Hilfe man u.a. berechnen kann, wie stark sich Erde und Sonne gegenseitig anziehen und was f\u00fcr eine Bewegung daraus entsteht. Dieselben Berechnungen kann man f\u00fcr alle Planeten machen, und so war es Newton m\u00f6glich, Prognosen zu machen, wann welcher Planet wo am Himmel zu sehen ist. Er schickte in einem Brief einige solche Prognosen an John Flamsteed, den damaligen obersten Hofastronomen des K\u00f6nigshauses, und bat ihn, diese zu \u00fcberpr\u00fcfen <a href=\"#_ftn1\" name=\"_ftnref1\"><strong>[1]<\/strong><\/a>. Flamsteed tat dies und schrieb zur\u00fcck, dass nach seinen Beobachtungen die Prognosen falsch seien. Das beeindruckte Newton aber nicht, sondern er vermutete, dass eher Flamsteeds Beobachtungen nicht korrekt waren.<\/p>\n<p>Nicht dass Newton daran zweifelte, dass Flamsteed und seine Gehilfen sorgf\u00e4ltig gearbeitet hatten, daf\u00fcr war Flamsteed als viel zu gr\u00fcndlich und gewissenhaft bekannt. Aber man nahm damals bereits an, dass das Licht, wenn es von einem Planeten oder Stern kommend auf die Erdatmosph\u00e4re trifft, leicht abgelenkt wird. Das f\u00fchrt dazu, dass die Sterne und Planeten nicht genau dort am Himmel stehen, wo man sie sieht <a href=\"#_ftn2\" name=\"_ftnref2\">[2]<\/a> und entsprechend ist eine gewisse Korrektur der Beobachtungsdaten n\u00f6tig, um die \u201erichtige\u201c Position der beobachteten Sterne und Planeten zu kennen. Newton vermutete daher, dass nicht seine Berechnungen falsch waren, sondern dass Flamsteed seine Beobachtungen nicht richtig korrigiert hatte. Unterdessen ist allgemein akzeptiert, dass Newton richtig lag.<\/p>\n<p>Das Beispiel illustriert: Wenn sich Theorie und Beobachtungen widersprechen, muss nicht zwingend die Theorie falsch sein. Denn wenn das Licht bei Eintritt in die Atmosph\u00e4re gebrochen wird, m\u00fcssen wir das selbstverst\u00e4ndlich mit einbeziehen und k\u00f6nnen nicht einfach darauf beharren, dass das, was man sieht, \u201ewahrer\u201c ist als das, was die Theorie vorhersagt.<\/p>\n<hr \/>\n<p><a href=\"#_ftnref1\" name=\"_ftn1\">[1]<\/a> Worall, J. (2003). Normal Science and Dogmatism, Paradigms and Progress: Kuhn &#8218;versus&#8216; Popper and Lakatos. In T. Nickles (Ed.), Thomas Kuhn (pp. 65-100). Cambridge: Cambridge University Press.<\/p>\n<p><a href=\"#_ftnref2\" name=\"_ftn2\">[2]<\/a> Dasselbe geschieht, wenn Licht vom Wasser zur Luft \u00fcberwechselt, sodass bspw. Fische, die wir von aussen im Wasser schwimmen sehen, sich nicht dort befinden, wo sie uns erscheinen. Das macht es nicht ganz einfach, einen Fisch von Hand zu fangen.<\/p>\n","protected":false},"excerpt":{"rendered":"<p>1687 ver\u00f6ffentlichte Isaac Newton sein Hauptwerk und publizierte vier Formeln, mit deren Hilfe man u.a. berechnen kann, wie stark sich Erde und Sonne gegenseitig anziehen und was f\u00fcr eine Bewegung daraus entsteht. Dieselben Berechnungen kann man f\u00fcr alle Planeten machen, &hellip; <a href=\"https:\/\/hrkll.ch\/WordPress\/denkwerzeuge\/kritisches-nachfragen\/newton-und-flamsteed\/\">Weiterlesen <span class=\"meta-nav\">&rarr;<\/span><\/a><\/p>\n","protected":false},"author":7,"featured_media":0,"parent":5096,"menu_order":0,"comment_status":"closed","ping_status":"closed","template":"sidebar-page.php","meta":{"footnotes":""},"class_list":["post-5106","page","type-page","status-publish","hentry"],"_links":{"self":[{"href":"https:\/\/hrkll.ch\/WordPress\/wp-json\/wp\/v2\/pages\/5106","targetHints":{"allow":["GET"]}}],"collection":[{"href":"https:\/\/hrkll.ch\/WordPress\/wp-json\/wp\/v2\/pages"}],"about":[{"href":"https:\/\/hrkll.ch\/WordPress\/wp-json\/wp\/v2\/types\/page"}],"author":[{"embeddable":true,"href":"https:\/\/hrkll.ch\/WordPress\/wp-json\/wp\/v2\/users\/7"}],"replies":[{"embeddable":true,"href":"https:\/\/hrkll.ch\/WordPress\/wp-json\/wp\/v2\/comments?post=5106"}],"version-history":[{"count":4,"href":"https:\/\/hrkll.ch\/WordPress\/wp-json\/wp\/v2\/pages\/5106\/revisions"}],"predecessor-version":[{"id":5152,"href":"https:\/\/hrkll.ch\/WordPress\/wp-json\/wp\/v2\/pages\/5106\/revisions\/5152"}],"up":[{"embeddable":true,"href":"https:\/\/hrkll.ch\/WordPress\/wp-json\/wp\/v2\/pages\/5096"}],"wp:attachment":[{"href":"https:\/\/hrkll.ch\/WordPress\/wp-json\/wp\/v2\/media?parent=5106"}],"curies":[{"name":"wp","href":"https:\/\/api.w.org\/{rel}","templated":true}]}}