{"id":5046,"date":"2023-05-30T15:40:42","date_gmt":"2023-05-30T14:40:42","guid":{"rendered":"https:\/\/hrkll.ch\/WordPress\/?page_id=5046"},"modified":"2023-06-07T08:10:41","modified_gmt":"2023-06-07T07:10:41","slug":"nebeneffekte","status":"publish","type":"page","link":"https:\/\/hrkll.ch\/WordPress\/denkwerzeuge\/nebeneffekte\/","title":{"rendered":"Nebeneffekte"},"content":{"rendered":"<div style=\"background-color: lavenderblush;\">\n<p><a name=\"_Toc127785082\"><\/a><strong>Kirchenaustritt<\/strong><\/p>\n<p>Ich bin reformiert erzogen und wurde so ungefragt Mitglied der Reformierten Kirche der Schweiz \u2013 mit Kirchensteuer, monatlichem Informationsblatt etc. Viele Jahre lang habe ich die Kirchensteuer ohne grosse Gedanken bezahlt. Ich hatte zwar schon lange keinen Bezug zur organisierten Religiosit\u00e4t mehr, besuchte nie einen Gottesdienst und f\u00fchlte mich bei den wenigen Taufen und Hochzeiten, die ich nicht vermeiden konnte, nicht wirklich wohl in der Kirche. Aber einerseits war mir aus der Forschung bekannt, dass ein religi\u00f6ser Glaube f\u00fcr viele Menschen eine positive Wirkung haben kann, dass also f\u00fcr mache der Glaube an einen Gott n\u00fctzlich ist.<a href=\"#_ftn1\" name=\"_ftnref1\">[1]<\/a> Und andererseits war mir bewusst, dass die Kirche in ihrer Gemeindearbeit mit meinem Geld auch Funktionen der Sozialarbeit \u00fcbernimmt, die ich unterst\u00fctzenswert finde. Ich sah keinen Grund, hier nicht meinen Beitrag zu leisten.<\/p>\n<p>Mit der Zeit \u00e4nderte sich das aber. Mir wurde immer mehr bewusst, dass die organisierte Religiosit\u00e4t in vielen grossen Religionen \u2013 Christentum, Judentum, Islam, Hinduismus \u2013 dazu benutzt worden war, um einer Gruppe von Insidern \u2013 den Gl\u00e4ubigen \u2013 das Gef\u00fchl zu geben, dass sie besser sind als der Rest der Menschheit und dass sie daher das Recht haben, die anderen zu dominieren. Das Christentum, zu dem ich ja \u00fcber meine Kirchenmitgliedschaft geh\u00f6rte, hatte sich hier unr\u00fchmlich hervorgetan, in dem bspw. in der Schweiz Fahrenden im Rahmen des Projekts \u201eKinder der Landstrasse\u201c ihre Kinder weggenommen wurden.<a href=\"#_ftn2\" name=\"_ftnref2\">[2]<\/a> \u00c4hnliche Programme gab es in vielen L\u00e4ndern, oft auch im Rahmen der Missionsarbeit, so in Australien<a href=\"#_ftn3\" name=\"_ftnref3\">[3]<\/a> oder Kanada<a href=\"#_ftn4\" name=\"_ftnref4\">[4]<\/a>. Noch radikaler war der Einsatz religi\u00f6ser \u00dcberzeugungen zur Unterdr\u00fcckung von \u201eHeiden\u201c, als die Eroberer in Mittel- und S\u00fcdamerika diese mit der Rettung derer Seelen rechtfertigte.<\/p>\n<p>Unterdessen bin ich \u00fcberzeugt, dass die Bildung einer Ingroup, welche sich Aussenstehenden \u00fcberlegen f\u00fchlt und deren Gef\u00fchl zur Unterdr\u00fcckung dieser Aussenstehenden genutzt werden kann, eine unvermeidliche Folge organisierter Religiosit\u00e4t ist. Ich trat deshalb aus der Kirche aus. Ich wollte solche \u201eNebeneffekte\u201c des Glaubens an einen Gott auf keinen Fall unterst\u00fctzen. Der Betrag, den ich bisher f\u00fcr die Kirchensteuer bezahlt habe, landet nun bei einer gemeinn\u00fctzigen Organisation, welche \u00e4hnliche Aufgaben der Sozialarbeit \u00fcbernimmt.<\/p>\n<\/div>\n<p>Indem wir ein bestimmtes Denkwerkzeug verwenden, tragen wir dazu bei, dass der Gebrauch dieses Werkzeugs im Allgemeinen gef\u00f6rdert wird. Wenn wir uns f\u00fcr die <a href=\"https:\/\/hrkll.ch\/WordPress\/denkwerzeuge\/wahrheit\/#Fall3\"><em>Flach-Erde-Theorie<\/em><\/a> einsetzen, unterst\u00fctzen wir ihre Verbreitung. Und wenn wir an einen christlichen Gott und an den Himmel glauben, der auf uns wartet, wenn wir gewisse Gebote einhalten und auch die Kirchensteuer bezahlen, erm\u00f6glichen wir es, dass Strukturen erhalten bleiben, die unter anderem dazu gef\u00fchrt haben, dass unz\u00e4hlige Kinder ihren Eltern entrissen und in Heimen versorgt wurden.<\/p>\n<p>Nebeneffekte organisierter Religiosit\u00e4t lassen sich auch in anderen Bereichen finden. So f\u00fchrt bspw. die Aufforderung in der Bibel \u201eMacht euch die Erde untertan und herrscht \u00fcber die Tiere\u201c nach wie vor dazu, dass sich die christlichen Kirchen mit dem Tierwohl schwer tun.<a href=\"#_ftn5\" name=\"_ftnref5\">[5]<\/a> Und im Hinduismus halfen die Vorstellung der Wiedergeburt und die damit verbundene Idee des Karmas sicherlich mit, \u00fcber lange Zeit die Kastenstruktur zu zementieren und lieferten den h\u00f6heren Kasten einen Vorwand, die niedrigeren kleinzuhalten. Aus diesem Grund w\u00fcrde ich meine <a href=\"https:\/\/hrkll.ch\/WordPress\/denkwerzeuge\/#Fall2\">neue Bekannte<\/a> gerne fragen, was denn bei ihr alles mit der Idee der Wiedergeburt verbunden ist.<\/p>\n<p>Dass wir durch den Gebrauch von bestimmten Denkwerkzeugen auch Nebeneffekte verursachen, ist unvermeidlich und nicht zwingend ein Problem. Dazu wird es nur, wenn diese Nebeneffekte problematisch sind, so wie bspw. die Nebeneffekte organisierter Religiosit\u00e4t. In diesen Nebeneffekten liegt auch das Problem jeder Verschw\u00f6rungstheorie. Bisher wurde zwar der von QAnon behauptete Kinderh\u00e4ndler-Ring in einer Pizzeria in Washington nirgendwo entdeckt.<a href=\"#_ftn6\" name=\"_ftnref6\">[6]<\/a> Daraus kann man sowohl ableiten, dass es ihn nicht gibt als auch, dass er eben sehr gut versteckt und von h\u00f6chsten amtlichen Stellen gesch\u00fctzt ist \u2013 ein typisches Beispiel daf\u00fcr, dass die Frage nach der <a href=\"https:\/\/hrkll.ch\/WordPress\/denkwerzeuge\/wahrheit\/\">Wahrheit<\/a> h\u00e4ufig nicht entscheidbar ist. F\u00fcr die Republikaner und vor allem f\u00fcr Donald Trump war die Theorie vom Kinderh\u00e4ndler-Ring hingegen sehr n\u00fctzlich. Sie hat mit dazu beigetragen, Hillary Clinton, seine Gegnerin im Pr\u00e4sidentschaftswahlkampf, in Misskredit zu bringen. Dar\u00fcber kann man sich freuen oder nicht, je nachdem, ob man Anh\u00e4nger der Republikaner oder der Demokraten ist. Unabh\u00e4ngig davon ist aber verheerend, dass die Theorie, wie die meisten Verschw\u00f6rungstheorien, das Vertrauen in die staatlichen Institutionen untergr\u00e4bt und so eine wichtige Basis der f\u00fcr menschliches Leben notwendigen Kooperation zerst\u00f6rt.<\/p>\n<p>Anh\u00e4nger jeglicher Verschw\u00f6rungstheorie, und seien sie noch so \u201eharmlos\u201c wie der Glaube, dass die Mondlandungen im Studio gefilmt wurden<a href=\"#_ftn7\" name=\"_ftnref7\">[7]<\/a>, sollten sich dieses Nebeneffekts bewusst sein. Das gilt selbstverst\u00e4ndlich auch f\u00fcr Impfverweigerer, die die Meinung verbreiten, dass es damit um einen Versuch von Bill Gates geht, die Menschheit unter Gedankenkontrolle zu bekommen, indem bei jeder Impfung ein Mikrochip implantiert wird.<a href=\"#_ftn8\" name=\"_ftnref8\">[8]<\/a><\/p>\n<p>Weiter lesen &gt;&gt; <a href=\"https:\/\/hrkll.ch\/WordPress\/denkwerzeuge\/verschleierte_interessen\/\">Verschleierte Interessen<\/a><\/p>\n<hr \/>\n<p><a href=\"#_ftnref1\" name=\"_ftn1\">[1]<\/a> Bspw. <a href=\"https:\/\/www.spiegel.de\/gesundheit\/psychologie\/religion-hat-der-glaube-eine-gesundheitsfoerdernde-wirkung-a-939684.html\" target=\"_blank\" rel=\"noopener\">https:\/\/www.spiegel.de\/gesundheit\/psychologie\/religion-hat-der-glaube-eine-gesundheitsfoerdernde-wirkung-a-939684.html<\/a><\/p>\n<p><a href=\"#_ftnref2\" name=\"_ftn2\">[2]<\/a> <a href=\"https:\/\/de.wikipedia.org\/wiki\/Kinder_der_Landstrasse\" target=\"_blank\" rel=\"noopener\">https:\/\/de.wikipedia.org\/wiki\/Kinder_der_Landstrasse<\/a><\/p>\n<p><a href=\"#_ftnref3\" name=\"_ftn3\">[3]<\/a> <a href=\"https:\/\/de.wikipedia.org\/wiki\/Gestohlene_Generationen\" target=\"_blank\" rel=\"noopener\">https:\/\/de.wikipedia.org\/wiki\/Gestohlene_Generationen<\/a><\/p>\n<p><a href=\"#_ftnref4\" name=\"_ftn4\">[4]<\/a> <a href=\"https:\/\/www.deutschlandfunk.de\/ethnozid-und-seine-nachwirkungen-kanadas-entwurzelte-100.html\" target=\"_blank\" rel=\"noopener\">https:\/\/www.deutschlandfunk.de\/ethnozid-und-seine-nachwirkungen-kanadas-entwurzelte-100.html<\/a><\/p>\n<p><a href=\"#_ftnref5\" name=\"_ftn5\">[5]<\/a><a href=\"https:\/\/www.srf.ch\/kultur\/gesellschaft-religion\/wesen-ohne-wuerde-warum-sich-die-religion-mit-dem-tierwohl-schwertut\" target=\"_blank\" rel=\"noopener\">https:\/\/www.srf.ch\/kultur\/gesellschaft-religion\/wesen-ohne-wuerde-warum-sich-die-religion-mit-dem-tierwohl-schwertut<\/a><\/p>\n<p><a href=\"#_ftnref6\" name=\"_ftn6\">[6]<\/a> <a href=\"https:\/\/de.wikipedia.org\/wiki\/QAnon\" target=\"_blank\" rel=\"noopener\">https:\/\/de.wikipedia.org\/wiki\/QAnon<\/a><\/p>\n<p><a href=\"#_ftnref7\" name=\"_ftn7\">[7]<\/a> <a href=\"https:\/\/de.wikipedia.org\/wiki\/Verschw\u00f6rungstheorien_zur_Mondlandung\" target=\"_blank\" rel=\"noopener\">https:\/\/de.wikipedia.org\/wiki\/Verschw\u00f6rungstheorien_zur_Mondlandung<\/a><\/p>\n<p><a href=\"#_ftnref8\" name=\"_ftn8\">[8]<\/a> Bspw. <a href=\"https:\/\/www.derstandard.de\/story\/2000127360773\/mikrochips-in-covid-impfungen-wie-die-absurde-verschwoerungserzaehlung-entstand\" target=\"_blank\" rel=\"noopener\">https:\/\/www.derstandard.de\/story\/2000127360773\/mikrochips-in-covid-impfungen-wie-die-absurde-verschwoerungserzaehlung-entstand<\/a><\/p>\n","protected":false},"excerpt":{"rendered":"<p>Kirchenaustritt Ich bin reformiert erzogen und wurde so ungefragt Mitglied der Reformierten Kirche der Schweiz \u2013 mit Kirchensteuer, monatlichem Informationsblatt etc. Viele Jahre lang habe ich die Kirchensteuer ohne grosse Gedanken bezahlt. Ich hatte zwar schon lange keinen Bezug zur &hellip; <a href=\"https:\/\/hrkll.ch\/WordPress\/denkwerzeuge\/nebeneffekte\/\">Weiterlesen <span class=\"meta-nav\">&rarr;<\/span><\/a><\/p>\n","protected":false},"author":7,"featured_media":0,"parent":2676,"menu_order":16,"comment_status":"closed","ping_status":"closed","template":"sidebar-page.php","meta":{"footnotes":""},"class_list":["post-5046","page","type-page","status-publish","hentry"],"_links":{"self":[{"href":"https:\/\/hrkll.ch\/WordPress\/wp-json\/wp\/v2\/pages\/5046","targetHints":{"allow":["GET"]}}],"collection":[{"href":"https:\/\/hrkll.ch\/WordPress\/wp-json\/wp\/v2\/pages"}],"about":[{"href":"https:\/\/hrkll.ch\/WordPress\/wp-json\/wp\/v2\/types\/page"}],"author":[{"embeddable":true,"href":"https:\/\/hrkll.ch\/WordPress\/wp-json\/wp\/v2\/users\/7"}],"replies":[{"embeddable":true,"href":"https:\/\/hrkll.ch\/WordPress\/wp-json\/wp\/v2\/comments?post=5046"}],"version-history":[{"count":9,"href":"https:\/\/hrkll.ch\/WordPress\/wp-json\/wp\/v2\/pages\/5046\/revisions"}],"predecessor-version":[{"id":5083,"href":"https:\/\/hrkll.ch\/WordPress\/wp-json\/wp\/v2\/pages\/5046\/revisions\/5083"}],"up":[{"embeddable":true,"href":"https:\/\/hrkll.ch\/WordPress\/wp-json\/wp\/v2\/pages\/2676"}],"wp:attachment":[{"href":"https:\/\/hrkll.ch\/WordPress\/wp-json\/wp\/v2\/media?parent=5046"}],"curies":[{"name":"wp","href":"https:\/\/api.w.org\/{rel}","templated":true}]}}