{"id":497,"date":"2013-02-03T10:02:44","date_gmt":"2013-02-03T09:02:44","guid":{"rendered":"http:\/\/hrkll.ch\/WordPress\/?page_id=497"},"modified":"2013-02-08T18:58:06","modified_gmt":"2013-02-08T17:58:06","slug":"handlungsleitendes-und-reflexionsleitendes-wissen","status":"publish","type":"page","link":"https:\/\/hrkll.ch\/WordPress\/iml2\/wissen-gebrauchen\/handlungsleitendes-und-reflexionsleitendes-wissen\/","title":{"rendered":"Handlungsleitendes und reflexionsleitendes Wissen"},"content":{"rendered":"<p>Prinzipiell kann der Entwurf zu einer Handlung im <a title=\"Situatives System\" href=\"http:\/\/hrkll.ch\/WordPress\/?page_id=453\">situativen<\/a> oder im <a title=\"Deklaratives System\" href=\"http:\/\/hrkll.ch\/WordPress\/?page_id=449\">deklarativen<\/a> System entstehen. Und in beiden F\u00e4llen kann das jeweils andere System eine Art \u00dcberwachungsfunktion \u00fcbernehmen (<strong>Reflektieren<\/strong> und <strong>Simulieren<\/strong>).<\/p>\n<p>Das <a title=\"Deklaratives System\" href=\"http:\/\/hrkll.ch\/WordPress\/?page_id=449\">deklarative System<\/a> kann folglich in zwei Funktionen auftreten: <strong>Planen<\/strong> und <strong>Reflektieren<\/strong>. Wissen, das sich f\u00fcr die eine Funktion eignet, eignet sich nicht notwendigerweise auch f\u00fcr die andere Funktion.<\/p>\n<p><strong>Handlungsleitendes Wissen:<\/strong> Damit sich mittels <a title=\"Deklaratives System\" href=\"http:\/\/hrkll.ch\/WordPress\/?page_id=449\">deklarativem<\/a> Wissen ein Plan entwickeln l\u00e4sst, muss dieses Wissen im Prinzip die Form eines Rezepts haben. Es muss die Frage beantworten k\u00f6nnen: Was ist an dieser Stelle genau zu tun? Dabei muss die Antwort auf diese Frage relativ detailliert ausfallen, damit sie n\u00fctzlich ist.<\/p>\n<p><strong>Reflexionsleitendes Wissen:<\/strong> <a title=\"Deklaratives System\" href=\"http:\/\/hrkll.ch\/WordPress\/?page_id=449\">Deklarative Konzepte<\/a>, die sich eignen, um einen durch das <a title=\"Situatives System\" href=\"http:\/\/hrkll.ch\/WordPress\/?page_id=453\">situative System<\/a> generierten Handlungsentwurf zu reflektieren, m\u00fcssen die Frage beantworten k\u00f6nnen: Ist es eine gute Idee, an dieser Stelle das und das zu tun? Dabei muss das Konzept nicht notwendigerweise sehr detailliert oder trennscharf sein. Auch eine grobe Einteilung, anhand der sich zumindest extreme F\u00e4lle beurteilen lassen, kann n\u00fctzlich sein.<\/p>\n<p>Im Vergleich bedeutet das,\u00a0dass Wissen reflexionsleitend n\u00fctzlich sein kann, auch wenn es f\u00fcr einen handlungsleitenden Einsatz viel zu vage ist. Sehr viele p\u00e4dagogische Konzepte d\u00fcrften in diese Kategorie fallen. Auch das IML selbst geh\u00f6rt in diese Kategorie. Es ist an den wenigsten Stellen so pr\u00e4zise, dass sich daraus ein Schritt-f\u00fcr-Schritt-Plan f\u00fcr das Lehren oder Lernen ableiten l\u00e4sst. Es enth\u00e4lt aber etliche Aussagen, die sich eignen, um <a title=\"Konsequenzen f\u00fcr das Lehren\" href=\"http:\/\/hrkll.ch\/WordPress\/?page_id=532\">Lehren<\/a> und <a title=\"Konsequenzen f\u00fcr das Lernen\" href=\"http:\/\/hrkll.ch\/WordPress\/?page_id=547\">Lernen<\/a> zu reflektieren.<\/p>\n<p>Vorsicht ist geboten, wenn man versucht, ein Konzept, das sich reflexionsleitend bew\u00e4hrt hat, handlungsleitend einzusetzen. Speziell Anf\u00e4nger, welche <a title=\"Handeln ohne ausreichende Erfahrung\" href=\"http:\/\/hrkll.ch\/WordPress\/?page_id=482\">mangels Erfahrungen<\/a> auf eine Planung mittels des <a title=\"Deklaratives System\" href=\"http:\/\/hrkll.ch\/WordPress\/?page_id=449\">deklarativen Systems<\/a> angewiesen sind, erliegen dieser Versuchung. Beispielsweise eignet sich gerade das <a title=\"Die Stufen von Dreyfus &amp; Dreyfus bzw. Benner im IML 2 interpretiert\" href=\"http:\/\/hrkll.ch\/WordPress\/?page_id=487\">Modell von Dreyfus und Dreyfus<\/a> wunderbar, verschiedene Ph\u00e4nomene auf dem Weg vom Anf\u00e4nger zum Experten reflektierend einzuordnen. W\u00fcrde man aber aus dem Modell einen Ausbildungsplan ableiten, der mit der Vermittlung von deklarativem Wissen beginnt und erst nach Erreichen der Stufe Kompetente situative Erfahrungen vorsieht, w\u00e4re das wohl eine \u00dcberinterpretation des Modells.<\/p>\n<h3>Texte als pdf (zum Teil noch in der Begrifflichkeit des IML 1)<\/h3>\n<ul>\n<li><a title=\"Initiates file download\" href=\"http:\/\/www.hrkll.ch\/typo\/fileadmin\/Texte\/ILM\/Sicherung_von_reflexionsleitendem_Wissen.pdf\" target=\"page\">Die Sicherung von reflexionsleitendem Wissen<\/a>: Mit welchen &#8222;wissenschaftlichen&#8220; Methoden lassen sich reflexionsleitende Konzepte beurteilen?<\/li>\n<\/ul>\n","protected":false},"excerpt":{"rendered":"<p>Prinzipiell kann der Entwurf zu einer Handlung im situativen oder im deklarativen System entstehen. Und in beiden F\u00e4llen kann das jeweils andere System eine Art \u00dcberwachungsfunktion \u00fcbernehmen (Reflektieren und Simulieren). Das deklarative System kann folglich in zwei Funktionen auftreten: Planen &hellip; <a href=\"https:\/\/hrkll.ch\/WordPress\/iml2\/wissen-gebrauchen\/handlungsleitendes-und-reflexionsleitendes-wissen\/\">Weiterlesen <span class=\"meta-nav\">&rarr;<\/span><\/a><\/p>\n","protected":false},"author":7,"featured_media":0,"parent":469,"menu_order":4,"comment_status":"closed","ping_status":"closed","template":"sidebar-page.php","meta":{"footnotes":""},"class_list":["post-497","page","type-page","status-publish","hentry"],"_links":{"self":[{"href":"https:\/\/hrkll.ch\/WordPress\/wp-json\/wp\/v2\/pages\/497","targetHints":{"allow":["GET"]}}],"collection":[{"href":"https:\/\/hrkll.ch\/WordPress\/wp-json\/wp\/v2\/pages"}],"about":[{"href":"https:\/\/hrkll.ch\/WordPress\/wp-json\/wp\/v2\/types\/page"}],"author":[{"embeddable":true,"href":"https:\/\/hrkll.ch\/WordPress\/wp-json\/wp\/v2\/users\/7"}],"replies":[{"embeddable":true,"href":"https:\/\/hrkll.ch\/WordPress\/wp-json\/wp\/v2\/comments?post=497"}],"version-history":[{"count":0,"href":"https:\/\/hrkll.ch\/WordPress\/wp-json\/wp\/v2\/pages\/497\/revisions"}],"up":[{"embeddable":true,"href":"https:\/\/hrkll.ch\/WordPress\/wp-json\/wp\/v2\/pages\/469"}],"wp:attachment":[{"href":"https:\/\/hrkll.ch\/WordPress\/wp-json\/wp\/v2\/media?parent=497"}],"curies":[{"name":"wp","href":"https:\/\/api.w.org\/{rel}","templated":true}]}}