{"id":476,"date":"2013-02-03T09:27:56","date_gmt":"2013-02-03T08:27:56","guid":{"rendered":"http:\/\/hrkll.ch\/WordPress\/?page_id=476"},"modified":"2013-02-14T08:51:01","modified_gmt":"2013-02-14T07:51:01","slug":"handeln-auf-grund-ausreichender-erfahrung","status":"publish","type":"page","link":"https:\/\/hrkll.ch\/WordPress\/iml2\/wissen-gebrauchen\/handeln-auf-grund-ausreichender-erfahrung\/","title":{"rendered":"Handeln auf Grund ausreichender Erfahrung"},"content":{"rendered":"<div>\n<p style=\"text-align: center;\"><a href=\"http:\/\/www.hrkll.ch\/typo\/fileadmin\/bilder\/IML2\/Gebrauchen_mit_Erfahrung4.jpg\" target=\"_blank\"><img loading=\"lazy\" decoding=\"async\" class=\"aligncenter\" style=\"border: 0px none;\" alt=\"\" src=\"http:\/\/www.hrkll.ch\/typo\/fileadmin\/bilder\/IML2\/Gebrauchen_mit_Erfahrung_klein4.jpg\" width=\"484\" height=\"312\" border=\"0\" \/><\/a><\/p>\n<\/div>\n<p>Sind im <a title=\"Situatives System\" href=\"http:\/\/hrkll.ch\/WordPress\/?page_id=453\">situativen System<\/a> gen\u00fcgend brauchbare Erfahrungen vorhanden, ergibt sich der Handlungsentwurf auf Grund dieser Erinnerungen. Die Person <strong>handelt<\/strong> in <strong>Analogie<\/strong> zu dem, was sie in den erinnerten Situationen jeweils gemacht hat. Eine Person, die schon oft mit Situationen konfrontiert war, in denen der Satz des Pythagoras eine Rolle spielt, k\u00f6nnte beispielsweise gewohnheitsgem\u00e4ss das relevante Dreieck skizzieren, die bekannten Gr\u00f6ssen eintragen, diese quadrieren und dann die gesuchte Gr\u00f6sse berechnen.<\/p>\n<p>Wissensst\u00fccke aus anderen Systemen werden dabei bei Bedarf <strong>aktiviert<\/strong> und mit einbezogen. Das <a title=\"Prozedurales System\" href=\"http:\/\/hrkll.ch\/WordPress\/?page_id=459\">prozedurale System<\/a> und das <a title=\"Sensomotorisches System\" href=\"http:\/\/hrkll.ch\/WordPress\/?page_id=463\">sensomotorische System<\/a> werden jeweils an den Stellen im Handlungsablauf aktiv, an denen sie entsprechende Steuerungsaufgaben \u00fcbernehmen k\u00f6nnen. Aus dem <a title=\"Deklaratives System\" href=\"http:\/\/hrkll.ch\/WordPress\/?page_id=449\">deklarativen System<\/a> werden vor allem Daten abgerufen, welche im Handlungszusammenhang von Bedeutung sind. Im Falle der Pythagoras-Aufgabe kommt das <a title=\"Sensomotorisches System\" href=\"http:\/\/hrkll.ch\/WordPress\/?page_id=463\">sensomotorische System<\/a>\u00a0sicher beim Skizzieren des Dreiecks zum Zuge und das <a title=\"Prozedurales System\" href=\"http:\/\/hrkll.ch\/WordPress\/?page_id=459\">prozedurale System<\/a>\u00a0bew\u00e4ltigt das Berechnen der gesuchten Gr\u00f6sse.<\/p>\n<p>Dabei k\u00f6nnen zwei verschiedene \u00dcberwachungsvorg\u00e4nge ablaufen.<\/p>\n<ul>\n<li>Bevor die Person den Handlungsentwurf umsetzt, kann sie \u00fcberpr\u00fcfen, ob das beabsichtige Vorgehen allenfalls im Widerspruch steht zu im <a title=\"Deklaratives System\" href=\"http:\/\/hrkll.ch\/WordPress\/?page_id=449\">deklarativen System<\/a> vorhanden Leitlinien etc. (<strong>Reflektieren in<\/strong> der Situation). Dazu wird das Vorhaben mittels <a title=\"Deklaratives System\" href=\"http:\/\/hrkll.ch\/WordPress\/?page_id=449\">deklarativer<\/a> Konzepte beschrieben und dann diese Beschreibung anhand geeigneter reflexionsleitender Konzepte \u00fcberpr\u00fcft. Die Folge davon kann von leichten Korrekturen am Beabsichtigten bis zum Abbruch der Handlung variieren. Im Falle der Pythagoras-Aufgabe k\u00f6nnte sich die Person beispielsweise versichern, dass der Satz des Pythagoras wirklich anwendbar ist, also\u00a0aus dem <a title=\"Deklaratives System\" href=\"http:\/\/hrkll.ch\/WordPress\/?page_id=449\">deklarativen<\/a> Wissen abrufen, dass es sich um ein rechtwinkliges Dreieck handeln muss und dann \u00fcberpr\u00fcfen, ob diese Voraussetzung gegeben ist.<\/li>\n<li>W\u00e4hrend der Ausf\u00fchrung der Handlung k\u00f6nnen und werden Prozesse des <a title=\"Prozedurales System\" href=\"http:\/\/hrkll.ch\/WordPress\/?page_id=459\">prozeduralen<\/a> und des<a title=\"Sensomotorisches System\" href=\"http:\/\/hrkll.ch\/WordPress\/?page_id=463\"> sensomotorischen<\/a> Systems vor allem durch Vorstellungen \u00fcber das zu erreichende Ziel aus dem situativen und dem deklarativen System heraus <strong>\u00fcberwacht<\/strong>. In Falle der Pythagoras-Aufgabe w\u00e4re es denkbar, dass mittels erinnerter Bilder rechtwinkliger Dreiecke \u00fcberwacht wird,\u00a0ob das skizzierte Dreieck einem rechtwinkligen Dreieck gleicht. Allenfalls wird dann ein allzu missratener erster Versuch verworfen.<\/li>\n<\/ul>\n","protected":false},"excerpt":{"rendered":"<p>Sind im situativen System gen\u00fcgend brauchbare Erfahrungen vorhanden, ergibt sich der Handlungsentwurf auf Grund dieser Erinnerungen. Die Person handelt in Analogie zu dem, was sie in den erinnerten Situationen jeweils gemacht hat. Eine Person, die schon oft mit Situationen konfrontiert &hellip; <a href=\"https:\/\/hrkll.ch\/WordPress\/iml2\/wissen-gebrauchen\/handeln-auf-grund-ausreichender-erfahrung\/\">Weiterlesen <span class=\"meta-nav\">&rarr;<\/span><\/a><\/p>\n","protected":false},"author":7,"featured_media":0,"parent":469,"menu_order":0,"comment_status":"closed","ping_status":"closed","template":"sidebar-page.php","meta":{"footnotes":""},"class_list":["post-476","page","type-page","status-publish","hentry"],"_links":{"self":[{"href":"https:\/\/hrkll.ch\/WordPress\/wp-json\/wp\/v2\/pages\/476","targetHints":{"allow":["GET"]}}],"collection":[{"href":"https:\/\/hrkll.ch\/WordPress\/wp-json\/wp\/v2\/pages"}],"about":[{"href":"https:\/\/hrkll.ch\/WordPress\/wp-json\/wp\/v2\/types\/page"}],"author":[{"embeddable":true,"href":"https:\/\/hrkll.ch\/WordPress\/wp-json\/wp\/v2\/users\/7"}],"replies":[{"embeddable":true,"href":"https:\/\/hrkll.ch\/WordPress\/wp-json\/wp\/v2\/comments?post=476"}],"version-history":[{"count":0,"href":"https:\/\/hrkll.ch\/WordPress\/wp-json\/wp\/v2\/pages\/476\/revisions"}],"up":[{"embeddable":true,"href":"https:\/\/hrkll.ch\/WordPress\/wp-json\/wp\/v2\/pages\/469"}],"wp:attachment":[{"href":"https:\/\/hrkll.ch\/WordPress\/wp-json\/wp\/v2\/media?parent=476"}],"curies":[{"name":"wp","href":"https:\/\/api.w.org\/{rel}","templated":true}]}}