{"id":4705,"date":"2023-03-01T20:20:12","date_gmt":"2023-03-01T19:20:12","guid":{"rendered":"https:\/\/hrkll.ch\/WordPress\/?page_id=4705"},"modified":"2024-12-22T15:58:55","modified_gmt":"2024-12-22T14:58:55","slug":"die-sonne-ueber-der-flachen-erde","status":"publish","type":"page","link":"https:\/\/hrkll.ch\/WordPress\/denkwerzeuge\/wahrheit\/die-sonne-ueber-der-flachen-erde\/","title":{"rendered":"Die Sonne \u00fcber der flachen Erde"},"content":{"rendered":"<p>Nimmt man das <em>Flach-Erde-Modell <\/em>ernst, dann braucht man auch eine Vorstellung, wo und wie sich die Sonne bewegt. Und das h\u00e4ngt nat\u00fcrlich davon ab, wie man sich die Verteilung der L\u00e4nder und Kontinente \u00fcber die Erdscheibe vorstellt.<\/p>\n<h1><strong>Die Geografie der Scheibe <\/strong><\/h1>\n<p>Mehr oder weniger ausf\u00fchrliche Antworten auf verschiedene Fragen zum <em>Flach_Erde_Modell<\/em> findet man bei der<em> <a href=\"https:\/\/wiki.tfes.org\/The_Flat_Earth_Wiki\" target=\"_blank\" rel=\"noopener\">Flat Earth Society<\/a><\/em>. Sie hat sich zum Ziel gesetzt, nachzuweisen, dass die Erde tats\u00e4chlich flach ist und die <em>Rund-Erde-Theorie<\/em> nicht mehr als ein gut ausgearbeiteter Scherz. Bei einem <a href=\"https:\/\/wiki.tfes.org\/Flat_Earth_Maps\" target=\"_blank\" rel=\"noopener\">Modell der Scheibe<\/a>, das dort vorgestellt wird, liegt der Nordpol im Zentrum und die Kontinente ordnen sich darum herum an. Dies gibt ein Bild, wie es auch auf dem Emblem der UNO zu sehen ist (Abbildung 1). Die Antarktis bildet in dieser Version der Erdscheibe ein Eisfeld, das die Welt umgibt und das Wasser der Ozeane zusammenh\u00e4lt.<\/p>\n<p><img loading=\"lazy\" decoding=\"async\" class=\"alignnone size-full wp-image-4709\" src=\"https:\/\/hrkll.ch\/WordPress\/wp-content\/uploads\/Flat_Earth_Map.jpg\" alt=\"\" width=\"555\" height=\"266\" srcset=\"https:\/\/hrkll.ch\/WordPress\/wp-content\/uploads\/Flat_Earth_Map.jpg 555w, https:\/\/hrkll.ch\/WordPress\/wp-content\/uploads\/Flat_Earth_Map-300x144.jpg 300w, https:\/\/hrkll.ch\/WordPress\/wp-content\/uploads\/Flat_Earth_Map-500x240.jpg 500w\" sizes=\"auto, (max-width: 555px) 100vw, 555px\" \/><br \/>\n<em>Abbildung 1: Eine Karte der Erdscheibe mit dem Nordpol im Zentrum, daneben das Emblem der UNO<\/em><\/p>\n<h1><strong>Der Lauf der Sonne<\/strong><\/h1>\n<p>Geht man davon aus, dass die Sonne sich jeweils direkt \u00fcber dem Ort befindet, von dem aus sie in diesem Moment im Zenit wahrgenommen wird, dann muss sie sich auf einer Kreisbahn im Uhrzeigersinn um das Zentrum der Scheibe, den Nordpol, bewegen (vgl. Abbildung 2). Zur Zeit der Tages-und-Nacht-Gleiche (etwa 21. M\u00e4rz und 21. September) w\u00e4re dies oberhalb des Kreises, der im <em>Rund-Erde-Modell<\/em> den \u00c4quator bildet. Bei der \u201en\u00f6rdlichen\u201c Sommersonnenwende (etwa 21. Juni) w\u00e4re es dagegen ein viel kleinerer Kreis \u00fcber dem n\u00f6rdlichen Wendekreis und bei der Wintersonnenwende (etwa 21. Dezember) ein deutlich gr\u00f6sserer Kreis \u00fcber dem s\u00fcdlichen Wendekreis.<\/p>\n<p><img loading=\"lazy\" decoding=\"async\" class=\"aligncenter size-full wp-image-5435\" src=\"https:\/\/hrkll.ch\/WordPress\/wp-content\/uploads\/Flat_Earth_Sonnenbahnen-1.jpg\" alt=\"\" width=\"571\" height=\"322\" srcset=\"https:\/\/hrkll.ch\/WordPress\/wp-content\/uploads\/Flat_Earth_Sonnenbahnen-1.jpg 571w, https:\/\/hrkll.ch\/WordPress\/wp-content\/uploads\/Flat_Earth_Sonnenbahnen-1-300x169.jpg 300w, https:\/\/hrkll.ch\/WordPress\/wp-content\/uploads\/Flat_Earth_Sonnenbahnen-1-500x282.jpg 500w\" sizes=\"auto, (max-width: 571px) 100vw, 571px\" \/><\/p>\n<p><em>Abbildung 2: Die Bahn der Sonne zu verschiedenen Zeiten des Jahres<\/em><\/p>\n<p>Was die Sonne auf diesen Kreisbahnen h\u00e4lt und welcher Mechanismus diese Bahn periodisch weiter und enger werden l\u00e4sst, kann man mit den modernen physikalischen Theorien nicht erkl\u00e4ren. Als Anh\u00e4nger der <em>Flach-Erde-Theorie<\/em> muss man also annehmen, dass f\u00fcr die Sonne andere physikalische Gesetzte gelten als f\u00fcr die Objekte auf der Erde. Das war auch lange die akzeptierte Meinung, bis Newton die moderne Physik begr\u00fcndete. Es w\u00e4re interessant, diese Gesetze auszuarbeiten. Wenn ich nichts \u00fcbersehen habe, ist das aber bisher nicht geschehen.<\/p>\n<h1><strong>Tag und Nacht<\/strong><\/h1>\n<p>Im Verlauf des Tages wird die Sonne unterschiedlich hoch \u00fcber dem Horizont wahrgenommen. Damit dies geschieht, muss in der <em>Flach-Erde-Theorie<\/em> die Sonne wesentlich n\u00e4her bei der Erde sein, als dies in der <em>Rund-Erde-Theorie<\/em> angenommen wird. Das Wiki der <em>Flat Earth Society<\/em> merkt an, dass sich die Sonne <a href=\"https:\/\/wiki.tfes.org\/Sun\" target=\"_blank\" rel=\"noopener\">einige tausend Meilen<\/a> \u00fcber der Erde bewegt, allerdings ohne sich auf einen genauen Wert festzulegen. Eine Sch\u00e4tzung ist 3000 Meilen (ca. 4&#8217;800 km) \u2013 im Gegensatz zu den ca. 150 Millionen km der <em>Rund-Erde-Theorie<\/em>.<\/p>\n<p><img loading=\"lazy\" decoding=\"async\" class=\"alignnone size-full wp-image-4714\" src=\"https:\/\/hrkll.ch\/WordPress\/wp-content\/uploads\/Flat_Earth_Mitternacht.jpg\" alt=\"\" width=\"541\" height=\"218\" srcset=\"https:\/\/hrkll.ch\/WordPress\/wp-content\/uploads\/Flat_Earth_Mitternacht.jpg 541w, https:\/\/hrkll.ch\/WordPress\/wp-content\/uploads\/Flat_Earth_Mitternacht-300x121.jpg 300w, https:\/\/hrkll.ch\/WordPress\/wp-content\/uploads\/Flat_Earth_Mitternacht-500x201.jpg 500w\" sizes=\"auto, (max-width: 541px) 100vw, 541px\" \/><\/p>\n<p>Abbildung 3: Blick am 21. M\u00e4rz um Mitternacht von einem Punkt am \u00c4quator zur Sonne<\/p>\n<p>Um ein Beispiel zu machen: Am 21. M\u00e4rz um 12 Uhr Ortszeit steht nach dieser Theorie die Sonne 4\u2018800 km ziemlich senkrecht \u00fcber Singapur. 12 Stunden sp\u00e4ter hat sie eine halbe Runde zur\u00fcckgelegt und steht nun genau \u00fcber Quito, der Hauptstadt von Ecuador. In Quito ist dann 12 Uhr mittags, in Singapur Mitternacht. Von Singapur aus gesehen geht der Blick zur Sonne um Mitternacht direkt \u00fcber den Nordpol (vgl. oben Abbildung 1 oder 2), und zwar, wie man in Abbildung 2 gut sehen kann, deutlich oberhalb des Horizonts. Mit etwas Geometrie kann man ausrechnen, dass die Sonne in diesem Moment gut 12 Grad, d.h. mehr als eine Handbreite, \u00fcber dem n\u00f6rdlichen Horizont zu sehen sein m\u00fcsste.<\/p>\n<p>Dies kann nat\u00fcrlich nicht sein, denn um Mitternacht ist es in Singapur stockdunkel. Entsprechend m\u00fcssen im <em>Flach-Erde-Modell<\/em> weitere Annahmen getroffen werden, um dies zu erkl\u00e4ren.<\/p>\n<p><a href=\"https:\/\/hrkll.ch\/WordPress\/denkwerzeuge\/wahrheit\/#Sprung_Sonne\">[Wahrheit?]<\/a><\/p>\n","protected":false},"excerpt":{"rendered":"<p>Nimmt man das Flach-Erde-Modell ernst, dann braucht man auch eine Vorstellung, wo und wie sich die Sonne bewegt. Und das h\u00e4ngt nat\u00fcrlich davon ab, wie man sich die Verteilung der L\u00e4nder und Kontinente \u00fcber die Erdscheibe vorstellt. Die Geografie der &hellip; <a href=\"https:\/\/hrkll.ch\/WordPress\/denkwerzeuge\/wahrheit\/die-sonne-ueber-der-flachen-erde\/\">Weiterlesen <span class=\"meta-nav\">&rarr;<\/span><\/a><\/p>\n","protected":false},"author":7,"featured_media":0,"parent":4685,"menu_order":0,"comment_status":"closed","ping_status":"closed","template":"sidebar-page.php","meta":{"footnotes":""},"class_list":["post-4705","page","type-page","status-publish","hentry"],"_links":{"self":[{"href":"https:\/\/hrkll.ch\/WordPress\/wp-json\/wp\/v2\/pages\/4705","targetHints":{"allow":["GET"]}}],"collection":[{"href":"https:\/\/hrkll.ch\/WordPress\/wp-json\/wp\/v2\/pages"}],"about":[{"href":"https:\/\/hrkll.ch\/WordPress\/wp-json\/wp\/v2\/types\/page"}],"author":[{"embeddable":true,"href":"https:\/\/hrkll.ch\/WordPress\/wp-json\/wp\/v2\/users\/7"}],"replies":[{"embeddable":true,"href":"https:\/\/hrkll.ch\/WordPress\/wp-json\/wp\/v2\/comments?post=4705"}],"version-history":[{"count":17,"href":"https:\/\/hrkll.ch\/WordPress\/wp-json\/wp\/v2\/pages\/4705\/revisions"}],"predecessor-version":[{"id":5436,"href":"https:\/\/hrkll.ch\/WordPress\/wp-json\/wp\/v2\/pages\/4705\/revisions\/5436"}],"up":[{"embeddable":true,"href":"https:\/\/hrkll.ch\/WordPress\/wp-json\/wp\/v2\/pages\/4685"}],"wp:attachment":[{"href":"https:\/\/hrkll.ch\/WordPress\/wp-json\/wp\/v2\/media?parent=4705"}],"curies":[{"name":"wp","href":"https:\/\/api.w.org\/{rel}","templated":true}]}}

Die Sonne über der flachen Erde

<p>Nimmt man das <em>Flach-Erde-Modell </em>ernst, dann braucht man auch eine Vorstellung, wo und wie sich die Sonne bewegt. Und das hängt natürlich davon ab, wie man sich die Verteilung der Länder und Kontinente über die Erdscheibe vorstellt.</p>
<h1><strong>Die Geografie der Scheibe </strong></h1>
<p>Mehr oder weniger ausführliche Antworten auf verschiedene Fragen zum <em>Flach_Erde_Modell</em> findet man bei der<em> <a href="https://wiki.tfes.org/The_Flat_Earth_Wiki" target="_blank" rel="noopener">Flat Earth Society</a></em>. Sie hat sich zum Ziel gesetzt, nachzuweisen, dass die Erde tatsächlich flach ist und die <em>Rund-Erde-Theorie</em> nicht mehr als ein gut ausgearbeiteter Scherz. Bei einem <a href="https://wiki.tfes.org/Flat_Earth_Maps" target="_blank" rel="noopener">Modell der Scheibe</a>, das dort vorgestellt wird, liegt der Nordpol im Zentrum und die Kontinente ordnen sich darum herum an. Dies gibt ein Bild, wie es auch auf dem Emblem der UNO zu sehen ist (Abbildung 1). Die Antarktis bildet in dieser Version der Erdscheibe ein Eisfeld, das die Welt umgibt und das Wasser der Ozeane zusammenhält.</p>
<p><img loading="lazy" decoding="async" class="alignnone size-full wp-image-4709" src="https://hrkll.ch/WordPress/wp-content/uploads/Flat_Earth_Map.jpg" alt="" width="555" height="266" srcset="https://hrkll.ch/WordPress/wp-content/uploads/Flat_Earth_Map.jpg 555w, https://hrkll.ch/WordPress/wp-content/uploads/Flat_Earth_Map-300x144.jpg 300w, https://hrkll.ch/WordPress/wp-content/uploads/Flat_Earth_Map-500x240.jpg 500w" sizes="auto, (max-width: 555px) 100vw, 555px" /><br />
<em>Abbildung 1: Eine Karte der Erdscheibe mit dem Nordpol im Zentrum, daneben das Emblem der UNO</em></p>
<h1><strong>Der Lauf der Sonne</strong></h1>
<p>Geht man davon aus, dass die Sonne sich jeweils direkt über dem Ort befindet, von dem aus sie in diesem Moment im Zenit wahrgenommen wird, dann muss sie sich auf einer Kreisbahn im Uhrzeigersinn um das Zentrum der Scheibe, den Nordpol, bewegen (vgl. Abbildung 2). Zur Zeit der Tages-und-Nacht-Gleiche (etwa 21. März und 21. September) wäre dies oberhalb des Kreises, der im <em>Rund-Erde-Modell</em> den Äquator bildet. Bei der „nördlichen“ Sommersonnenwende (etwa 21. Juni) wäre es dagegen ein viel kleinerer Kreis über dem nördlichen Wendekreis und bei der Wintersonnenwende (etwa 21. Dezember) ein deutlich grösserer Kreis über dem südlichen Wendekreis.</p>
<p><img loading="lazy" decoding="async" class="aligncenter size-full wp-image-5435" src="https://hrkll.ch/WordPress/wp-content/uploads/Flat_Earth_Sonnenbahnen-1.jpg" alt="" width="571" height="322" srcset="https://hrkll.ch/WordPress/wp-content/uploads/Flat_Earth_Sonnenbahnen-1.jpg 571w, https://hrkll.ch/WordPress/wp-content/uploads/Flat_Earth_Sonnenbahnen-1-300x169.jpg 300w, https://hrkll.ch/WordPress/wp-content/uploads/Flat_Earth_Sonnenbahnen-1-500x282.jpg 500w" sizes="auto, (max-width: 571px) 100vw, 571px" /></p>
<p><em>Abbildung 2: Die Bahn der Sonne zu verschiedenen Zeiten des Jahres</em></p>
<p>Was die Sonne auf diesen Kreisbahnen hält und welcher Mechanismus diese Bahn periodisch weiter und enger werden lässt, kann man mit den modernen physikalischen Theorien nicht erklären. Als Anhänger der <em>Flach-Erde-Theorie</em> muss man also annehmen, dass für die Sonne andere physikalische Gesetzte gelten als für die Objekte auf der Erde. Das war auch lange die akzeptierte Meinung, bis Newton die moderne Physik begründete. Es wäre interessant, diese Gesetze auszuarbeiten. Wenn ich nichts übersehen habe, ist das aber bisher nicht geschehen.</p>
<h1><strong>Tag und Nacht</strong></h1>
<p>Im Verlauf des Tages wird die Sonne unterschiedlich hoch über dem Horizont wahrgenommen. Damit dies geschieht, muss in der <em>Flach-Erde-Theorie</em> die Sonne wesentlich näher bei der Erde sein, als dies in der <em>Rund-Erde-Theorie</em> angenommen wird. Das Wiki der <em>Flat Earth Society</em> merkt an, dass sich die Sonne <a href="https://wiki.tfes.org/Sun" target="_blank" rel="noopener">einige tausend Meilen</a> über der Erde bewegt, allerdings ohne sich auf einen genauen Wert festzulegen. Eine Schätzung ist 3000 Meilen (ca. 4&#8217;800 km) – im Gegensatz zu den ca. 150 Millionen km der <em>Rund-Erde-Theorie</em>.</p>
<p><img loading="lazy" decoding="async" class="alignnone size-full wp-image-4714" src="https://hrkll.ch/WordPress/wp-content/uploads/Flat_Earth_Mitternacht.jpg" alt="" width="541" height="218" srcset="https://hrkll.ch/WordPress/wp-content/uploads/Flat_Earth_Mitternacht.jpg 541w, https://hrkll.ch/WordPress/wp-content/uploads/Flat_Earth_Mitternacht-300x121.jpg 300w, https://hrkll.ch/WordPress/wp-content/uploads/Flat_Earth_Mitternacht-500x201.jpg 500w" sizes="auto, (max-width: 541px) 100vw, 541px" /></p>
<p>Abbildung 3: Blick am 21. März um Mitternacht von einem Punkt am Äquator zur Sonne</p>
<p>Um ein Beispiel zu machen: Am 21. März um 12 Uhr Ortszeit steht nach dieser Theorie die Sonne 4‘800 km ziemlich senkrecht über Singapur. 12 Stunden später hat sie eine halbe Runde zurückgelegt und steht nun genau über Quito, der Hauptstadt von Ecuador. In Quito ist dann 12 Uhr mittags, in Singapur Mitternacht. Von Singapur aus gesehen geht der Blick zur Sonne um Mitternacht direkt über den Nordpol (vgl. oben Abbildung 1 oder 2), und zwar, wie man in Abbildung 2 gut sehen kann, deutlich oberhalb des Horizonts. Mit etwas Geometrie kann man ausrechnen, dass die Sonne in diesem Moment gut 12 Grad, d.h. mehr als eine Handbreite, über dem nördlichen Horizont zu sehen sein müsste.</p>
<p>Dies kann natürlich nicht sein, denn um Mitternacht ist es in Singapur stockdunkel. Entsprechend müssen im <em>Flach-Erde-Modell</em> weitere Annahmen getroffen werden, um dies zu erklären.</p>
<p><a href="https://hrkll.ch/WordPress/denkwerzeuge/wahrheit/#Sprung_Sonne">[Wahrheit?]</a></p>

<p>Nimmt man das Flach-Erde-Modell ernst, dann braucht man auch eine Vorstellung, wo und wie sich die Sonne bewegt. Und das hängt natürlich davon ab, wie man sich die Verteilung der Länder und Kontinente über die Erdscheibe vorstellt. Die Geografie der &hellip; <a href="https://hrkll.ch/WordPress/denkwerzeuge/wahrheit/die-sonne-ueber-der-flachen-erde/">Weiterlesen <span class="meta-nav">&rarr;</span></a></p>
