{"id":4425,"date":"2020-07-26T19:46:25","date_gmt":"2020-07-26T18:46:25","guid":{"rendered":"https:\/\/hrkll.ch\/WordPress\/?page_id=4425"},"modified":"2020-07-26T19:46:25","modified_gmt":"2020-07-26T18:46:25","slug":"scotland-yard-verkehrsberuhigt","status":"publish","type":"page","link":"https:\/\/hrkll.ch\/WordPress\/lernen-durch-mitmachen\/verfolgungs-brettspiele\/scotland-yard-verkehrsberuhigt\/","title":{"rendered":"Scotland Yard verkehrsberuhigt"},"content":{"rendered":"<p>Eine Kreuzung zwischen Scotland Yard und Wolf und Schafe: Alle Verbindungen werden f\u00fcr die Detektive zu Einbahnstrassen, sodass sie die Stadt bspw. von oben rechts nach unten links durchk\u00e4mmen m\u00fcssen.<\/p>\n<ul>\n<li><strong>Struktur des Netzes: <\/strong>Stadtplan, wie im Original.<\/li>\n<li><strong>Stabilit\u00e4t des Netzes:<\/strong> Stabil, wie im Original.<\/li>\n<li><strong>Sichtbarkeit des Netzes:<\/strong> Sichtbar, wie im Original.<\/li>\n<li><strong>Anzahl Figuren pro Ort:<\/strong> Nur eine, wie im Original.<\/li>\n<li><strong>Eigenschaften der Orte:<\/strong> Keine speziellen, wie im Original.<\/li>\n<li><strong>Eigenschaften der Verbindungen:<\/strong> Schiff, U-Bahn, Bus und Taxi Verbindungen wie im Original. F\u00fcr die Detektive sind alle Verbindungen nur in eine Richtung zu benutzen; diese Richtung wird so gew\u00e4hlt, dass ein zusammenh\u00e4ngendes Netz von Einbahnverbindungen von einem Rand zum anderen der Stadt entsteht.<\/li>\n<li><strong>Erlaube Wege: <\/strong>Beliebig<\/li>\n<li><strong>Sequenzierung der Z\u00fcge: <\/strong>Zuerst Mister X, dann der Reihe nach alle Detektive, wie im Original.<\/li>\n<li><strong>Startorte:<\/strong> Die Detektive an einem Rand der Stadt (der \u201eWurzel\u201c des Einbahnsystems), Mister X beginnt am gegen\u00fcberliegenden Rand.<\/li>\n<li><strong>Zugzwang: <\/strong>Zugzwang, wie im Original.<\/li>\n<li><strong>Beweglichkeit der gejagten Figur:<\/strong> Beweglich, wie im Original.<\/li>\n<li><strong>Sichtbarkeit der gejagten Figur:<\/strong> Entweder periodisches Auftauchen, wie im Original, oder sichtbar wie bei Wolf und Schafe.<\/li>\n<li><strong>Sichtbarkeit der J\u00e4ger:<\/strong> Sichtbar, wie im Original.<\/li>\n<li><strong>Ressourcen der Figuren:<\/strong> Tickets f\u00fcr die einzelnen Verkehrsmittel, wie im Original.<\/li>\n<\/ul>\n","protected":false},"excerpt":{"rendered":"<p>Eine Kreuzung zwischen Scotland Yard und Wolf und Schafe: Alle Verbindungen werden f\u00fcr die Detektive zu Einbahnstrassen, sodass sie die Stadt bspw. von oben rechts nach unten links durchk\u00e4mmen m\u00fcssen. Struktur des Netzes: Stadtplan, wie im Original. Stabilit\u00e4t des Netzes: &hellip; <a href=\"https:\/\/hrkll.ch\/WordPress\/lernen-durch-mitmachen\/verfolgungs-brettspiele\/scotland-yard-verkehrsberuhigt\/\">Weiterlesen <span class=\"meta-nav\">&rarr;<\/span><\/a><\/p>\n","protected":false},"author":7,"featured_media":0,"parent":4402,"menu_order":3,"comment_status":"closed","ping_status":"closed","template":"sidebar-page.php","meta":{"footnotes":""},"class_list":["post-4425","page","type-page","status-publish","hentry"],"_links":{"self":[{"href":"https:\/\/hrkll.ch\/WordPress\/wp-json\/wp\/v2\/pages\/4425","targetHints":{"allow":["GET"]}}],"collection":[{"href":"https:\/\/hrkll.ch\/WordPress\/wp-json\/wp\/v2\/pages"}],"about":[{"href":"https:\/\/hrkll.ch\/WordPress\/wp-json\/wp\/v2\/types\/page"}],"author":[{"embeddable":true,"href":"https:\/\/hrkll.ch\/WordPress\/wp-json\/wp\/v2\/users\/7"}],"replies":[{"embeddable":true,"href":"https:\/\/hrkll.ch\/WordPress\/wp-json\/wp\/v2\/comments?post=4425"}],"version-history":[{"count":1,"href":"https:\/\/hrkll.ch\/WordPress\/wp-json\/wp\/v2\/pages\/4425\/revisions"}],"predecessor-version":[{"id":4426,"href":"https:\/\/hrkll.ch\/WordPress\/wp-json\/wp\/v2\/pages\/4425\/revisions\/4426"}],"up":[{"embeddable":true,"href":"https:\/\/hrkll.ch\/WordPress\/wp-json\/wp\/v2\/pages\/4402"}],"wp:attachment":[{"href":"https:\/\/hrkll.ch\/WordPress\/wp-json\/wp\/v2\/media?parent=4425"}],"curies":[{"name":"wp","href":"https:\/\/api.w.org\/{rel}","templated":true}]}}