{"id":3877,"date":"2017-12-11T12:49:10","date_gmt":"2017-12-11T11:49:10","guid":{"rendered":"http:\/\/hrkll.ch\/WordPress\/?page_id=3877"},"modified":"2017-12-12T09:40:06","modified_gmt":"2017-12-12T08:40:06","slug":"entstehungsgeschichte-von-fachrechnen-vom-kopf-auf-die-fuesse","status":"publish","type":"page","link":"https:\/\/hrkll.ch\/WordPress\/vom-kopf-auf-die-fuesse\/entstehungsgeschichte-von-fachrechnen-vom-kopf-auf-die-fuesse\/","title":{"rendered":"Entstehungsgeschichte von &#8222;Fachrechnen vom Kopf auf die F\u00fcsse&#8220;"},"content":{"rendered":"<p>\u00dcber rund 12 Jahre hinweg (2004 bis 2016) ist das Konzept \u201eFachrechnen vom Kopf auf die F\u00fcsse gestellt\u201c herangewachsen. Im weitesten Sinn handelte es sich dabei um einen empirischen Forschungsprozess, bei dem ein Produkt immer wieder getestet und weiterentwickelt wurde. Kriterium war dabei die Verst\u00e4ndlichkeit und Akzeptanz der Konzepte bei Lehrpersonen, so wie die Wirkung in ihrem Unterricht. In beiden Punkten wurden \u00fcber die Jahre hinweg deutliche Fortschritte gemacht.<\/p>\n<p>Dies hier ist ein Versuch, die grossen Linien dieses Entwicklungsprozesses herauszuarbeiten und wo m\u00f6glich etwas daraus zu lernen. Ich habe zu diesem Zweck vor allem die Kurse zum Thema verglichen, so wie ich sie vor zehn Jahren gehalten habe und so wie ich sie heute halte. Dabei wurden folgende Entwicklungslinien erkennbar:<\/p>\n<p><strong>Wissenszuwachs:<\/strong> Wie nicht anders zu erwarten, hat mein Wissen \u00fcber theoretische Hintergr\u00fcnde der Mathematikdidaktik, \u00fcber mathematikdidaktische Modelle, \u00fcber die Unterrichtsrealit\u00e4t der Lehrpersonen und \u00fcber ihre Art zu denken und zu handeln stetig zugenommen. Vermutungen haben sich best\u00e4tig oder wurden widerlegt. L\u00fccken haben sich gef\u00fcllt. Griffige Beispiele sind dazugekommen.<\/p>\n<p><strong>\u00dcberwinden alter Gewohnheiten:<\/strong> Etwas \u00fcberraschender war es im R\u00fcckblick festzustellen, wie lange es gedauert hat, bis ich selbst alte Denkmuster \u00fcberwunden hatte. Dass Fachrechnen als Handlungskompetenz situiert gedacht werden muss, war von Anfang an als theoretische Basis gegeben. Es dauerte aber relativ lange, bis ich konsequent nicht mehr von (schulischen) Aufgaben, sondern von (beruflichen) Handlungssituationen sprach.<\/p>\n<p><strong>Entwicklung geeigneter situierter Abstraktionen: <\/strong>Als erstes eigentliches Produkt entstanden f\u00fcr die Kommunikation mit den Lehrpersonen geeignete situierte Abstraktionen. Ganz im Sinne der Vorstellung von Vygotskij wuchsen die durch das IML eingebrachten <em>wissenschaftlichen Begriffe<\/em> und die im Gespr\u00e4ch mit Lehrpersonen gebrauchten <em>allt\u00e4glichen Begriffe<\/em> einander entgegen. Dazwischen bildete sich eine brauchbare, im Unterrichtsalltag der Lehrpersonen situierte mittlere Begriffsebene.<\/p>\n<p><strong>Entwicklung eines angepassten didaktischen Konzepts:<\/strong> Die <em>Acht Schritte<\/em> sind das zweite, isolierbare und massgeschneiderte Produkt. Wie bei allen Schritt f\u00fcr Schritt Anleitungen war hier die Herausforderung die, genau das explizit zu machen, was den Lehrpersonen weiter hilft, und genau diejenigen Details implizit zu lassen, deren Erw\u00e4hnung nur verwirrt.<\/p>\n<p><strong>Verschiebung von Steuerung hin zu Erm\u00f6glichung: <\/strong>Grob gesagt standen am Anfang Versuche einer differenzierten Diagnose des Vorwissens und einer kleinschrittigen Steuerung des Lernens. Dies wurde ersetzt durch Arrangements, in denen die Lernenden selbst erleben, was sie schon k\u00f6nnen, und die so aufgebaut sind, dass spontane Lernprozesse optimal greifen. Diese Ver\u00e4nderung fand auf beiden Ebenen statt, d.h. sowohl bzgl. der Lernenden im Schulunterricht wie auch bzgl. der Lehrpersonen im Kurs.<\/p>\n<p><strong>(Implizites) Dozentenwissen: <\/strong>Die Vermittlung von Hintergrundwissen und didaktischen Konzepten geschah im Wesentlichen in direkter Interaktion mit den Lehrpersonen. Daraus entwickelte sich Wissen dar\u00fcber, was wann gesagt werden kann, was besser ungesagt bleibt, welche Beispiele unmittelbar einleuchten etc. Einiges davon liesse sich explizit beschreiben. Aber wie es dazu kam, dass ich nun auch Lehrpersonen erreichen kann, die \u201eGrundlagen\u201c in Mathematik und Physik unterrichten m\u00fcssen, kann ich offenbar nicht explizieren.<\/p>\n<p>Viel ausf\u00fchrlicher als <a href=\"http:\/\/www.hrkll.ch\/\/vom_Kopf_auf_die_Fuesse\/div\/Entwicklung_von_Fachrechnen_vom_Kopf_auf_die_Fuesse.pdf\" target=\"_blank\" rel=\"noopener\">pdf<\/a>.<\/p>\n","protected":false},"excerpt":{"rendered":"<p>\u00dcber rund 12 Jahre hinweg (2004 bis 2016) ist das Konzept \u201eFachrechnen vom Kopf auf die F\u00fcsse gestellt\u201c herangewachsen. Im weitesten Sinn handelte es sich dabei um einen empirischen Forschungsprozess, bei dem ein Produkt immer wieder getestet und weiterentwickelt wurde. &hellip; <a href=\"https:\/\/hrkll.ch\/WordPress\/vom-kopf-auf-die-fuesse\/entstehungsgeschichte-von-fachrechnen-vom-kopf-auf-die-fuesse\/\">Weiterlesen <span class=\"meta-nav\">&rarr;<\/span><\/a><\/p>\n","protected":false},"author":7,"featured_media":0,"parent":1554,"menu_order":1,"comment_status":"open","ping_status":"closed","template":"sidebar-page.php","meta":{"footnotes":""},"class_list":["post-3877","page","type-page","status-publish","hentry"],"_links":{"self":[{"href":"https:\/\/hrkll.ch\/WordPress\/wp-json\/wp\/v2\/pages\/3877","targetHints":{"allow":["GET"]}}],"collection":[{"href":"https:\/\/hrkll.ch\/WordPress\/wp-json\/wp\/v2\/pages"}],"about":[{"href":"https:\/\/hrkll.ch\/WordPress\/wp-json\/wp\/v2\/types\/page"}],"author":[{"embeddable":true,"href":"https:\/\/hrkll.ch\/WordPress\/wp-json\/wp\/v2\/users\/7"}],"replies":[{"embeddable":true,"href":"https:\/\/hrkll.ch\/WordPress\/wp-json\/wp\/v2\/comments?post=3877"}],"version-history":[{"count":0,"href":"https:\/\/hrkll.ch\/WordPress\/wp-json\/wp\/v2\/pages\/3877\/revisions"}],"up":[{"embeddable":true,"href":"https:\/\/hrkll.ch\/WordPress\/wp-json\/wp\/v2\/pages\/1554"}],"wp:attachment":[{"href":"https:\/\/hrkll.ch\/WordPress\/wp-json\/wp\/v2\/media?parent=3877"}],"curies":[{"name":"wp","href":"https:\/\/api.w.org\/{rel}","templated":true}]}}

Entstehungsgeschichte von &#8222;Fachrechnen vom Kopf auf die Füsse&#8220;

<p>Über rund 12 Jahre hinweg (2004 bis 2016) ist das Konzept „Fachrechnen vom Kopf auf die Füsse gestellt“ herangewachsen. Im weitesten Sinn handelte es sich dabei um einen empirischen Forschungsprozess, bei dem ein Produkt immer wieder getestet und weiterentwickelt wurde. Kriterium war dabei die Verständlichkeit und Akzeptanz der Konzepte bei Lehrpersonen, so wie die Wirkung in ihrem Unterricht. In beiden Punkten wurden über die Jahre hinweg deutliche Fortschritte gemacht.</p>
<p>Dies hier ist ein Versuch, die grossen Linien dieses Entwicklungsprozesses herauszuarbeiten und wo möglich etwas daraus zu lernen. Ich habe zu diesem Zweck vor allem die Kurse zum Thema verglichen, so wie ich sie vor zehn Jahren gehalten habe und so wie ich sie heute halte. Dabei wurden folgende Entwicklungslinien erkennbar:</p>
<p><strong>Wissenszuwachs:</strong> Wie nicht anders zu erwarten, hat mein Wissen über theoretische Hintergründe der Mathematikdidaktik, über mathematikdidaktische Modelle, über die Unterrichtsrealität der Lehrpersonen und über ihre Art zu denken und zu handeln stetig zugenommen. Vermutungen haben sich bestätig oder wurden widerlegt. Lücken haben sich gefüllt. Griffige Beispiele sind dazugekommen.</p>
<p><strong>Überwinden alter Gewohnheiten:</strong> Etwas überraschender war es im Rückblick festzustellen, wie lange es gedauert hat, bis ich selbst alte Denkmuster überwunden hatte. Dass Fachrechnen als Handlungskompetenz situiert gedacht werden muss, war von Anfang an als theoretische Basis gegeben. Es dauerte aber relativ lange, bis ich konsequent nicht mehr von (schulischen) Aufgaben, sondern von (beruflichen) Handlungssituationen sprach.</p>
<p><strong>Entwicklung geeigneter situierter Abstraktionen: </strong>Als erstes eigentliches Produkt entstanden für die Kommunikation mit den Lehrpersonen geeignete situierte Abstraktionen. Ganz im Sinne der Vorstellung von Vygotskij wuchsen die durch das IML eingebrachten <em>wissenschaftlichen Begriffe</em> und die im Gespräch mit Lehrpersonen gebrauchten <em>alltäglichen Begriffe</em> einander entgegen. Dazwischen bildete sich eine brauchbare, im Unterrichtsalltag der Lehrpersonen situierte mittlere Begriffsebene.</p>
<p><strong>Entwicklung eines angepassten didaktischen Konzepts:</strong> Die <em>Acht Schritte</em> sind das zweite, isolierbare und massgeschneiderte Produkt. Wie bei allen Schritt für Schritt Anleitungen war hier die Herausforderung die, genau das explizit zu machen, was den Lehrpersonen weiter hilft, und genau diejenigen Details implizit zu lassen, deren Erwähnung nur verwirrt.</p>
<p><strong>Verschiebung von Steuerung hin zu Ermöglichung: </strong>Grob gesagt standen am Anfang Versuche einer differenzierten Diagnose des Vorwissens und einer kleinschrittigen Steuerung des Lernens. Dies wurde ersetzt durch Arrangements, in denen die Lernenden selbst erleben, was sie schon können, und die so aufgebaut sind, dass spontane Lernprozesse optimal greifen. Diese Veränderung fand auf beiden Ebenen statt, d.h. sowohl bzgl. der Lernenden im Schulunterricht wie auch bzgl. der Lehrpersonen im Kurs.</p>
<p><strong>(Implizites) Dozentenwissen: </strong>Die Vermittlung von Hintergrundwissen und didaktischen Konzepten geschah im Wesentlichen in direkter Interaktion mit den Lehrpersonen. Daraus entwickelte sich Wissen darüber, was wann gesagt werden kann, was besser ungesagt bleibt, welche Beispiele unmittelbar einleuchten etc. Einiges davon liesse sich explizit beschreiben. Aber wie es dazu kam, dass ich nun auch Lehrpersonen erreichen kann, die „Grundlagen“ in Mathematik und Physik unterrichten müssen, kann ich offenbar nicht explizieren.</p>
<p>Viel ausführlicher als <a href="http://www.hrkll.ch//vom_Kopf_auf_die_Fuesse/div/Entwicklung_von_Fachrechnen_vom_Kopf_auf_die_Fuesse.pdf" target="_blank" rel="noopener">pdf</a>.</p>

<p>Über rund 12 Jahre hinweg (2004 bis 2016) ist das Konzept „Fachrechnen vom Kopf auf die Füsse gestellt“ herangewachsen. Im weitesten Sinn handelte es sich dabei um einen empirischen Forschungsprozess, bei dem ein Produkt immer wieder getestet und weiterentwickelt wurde. &hellip; <a href="https://hrkll.ch/WordPress/vom-kopf-auf-die-fuesse/entstehungsgeschichte-von-fachrechnen-vom-kopf-auf-die-fuesse/">Weiterlesen <span class="meta-nav">&rarr;</span></a></p>
