{"id":3572,"date":"2016-06-09T12:49:33","date_gmt":"2016-06-09T11:49:33","guid":{"rendered":"http:\/\/hrkll.ch\/WordPress\/?page_id=3572"},"modified":"2018-10-19T12:36:50","modified_gmt":"2018-10-19T11:36:50","slug":"beispiele-fuer-die-analyse-ganzer-berufe","status":"publish","type":"page","link":"https:\/\/hrkll.ch\/WordPress\/vom-kopf-auf-die-fuesse\/beispiele\/beispiele-fuer-die-analyse-ganzer-berufe\/","title":{"rendered":"Beispiele f\u00fcr die Analyse ganzer Berufe"},"content":{"rendered":"<p>Setzt man den im Leitfaden beschriebenen Prozess um, stellen sich immer wieder Fragen, auf die der Leitfaden direkt keine Antwort gibt. Zudem wird es den Umst\u00e4nden entsprechend meist notwendig sein, an der einen oder anderen Stelle vom Leitfaden abzuweichen.<\/p>\n<p>Die folgenden Beispiele k\u00f6nnen einen Einblick geben, was konkret geschehen kann, wenn man den Leitfaden umzusetzen versucht, welche Schwierigkeiten auftreten k\u00f6nnen und welche Varianten denkbar sind. Die Beispiele umfassen folgende Berufe:<\/p>\n<ul>\n<li><a title=\"Drei Tage ohne Vorarbeiter \u201c\u00fcberleben\u201d\" href=\"http:\/\/hrkll.ch\/WordPress\/?page_id=215\">Mitarbeitende im Tiefbau<\/a> (angelernt)<\/li>\n<li><a title=\"K\u00f6chinnen und K\u00f6che\" href=\"http:\/\/hrkll.ch\/WordPress\/?page_id=209\">K\u00f6chinnen und K\u00f6che<\/a> (EFZ)<\/li>\n<li><a title=\"Fachrechnen Milchtechnologen\" href=\"http:\/\/hrkll.ch\/WordPress\/?page_id=211\">Milchtechnologinnen und Milchtechnologen<\/a> (EFZ)<\/li>\n<li><a title=\"Haustechnik\" href=\"http:\/\/hrkll.ch\/WordPress\/?page_id=2041\">Haustechnik <\/a>(EFZ und EBA)<\/li>\n<li><a title=\"Bodenleger\" href=\"http:\/\/hrkll.ch\/WordPress\/?p=1484\">Bodenleger<\/a> (EFZ)<\/li>\n<\/ul>\n<p>Alle Beispiele wurden am <a href=\"http:\/\/www.ehb.swiss\" target=\"_blank\" rel=\"noopener\">EHB<\/a> im Rahmen des Projekts \u201e<a href=\"http:\/\/www.ehb.swiss\/node\/3681\" target=\"_blank\" rel=\"noopener\">Alltagsmathematik im Beruf<\/a>\u201c erarbeitet. Dieses Forschungsprojekt verfolgt folgende Ziele:<\/p>\n<ol style=\"list-style-type: lower-latin;\">\n<li>Verbesserung des Wissens bei Organisationen und Verb\u00e4nden (OdAs) dar\u00fcber, was in den jeweiligen Berufen im beruflichen Alltag tats\u00e4chlich \u201egerechnet\u201c wird.<\/li>\n<li>Verbesserung des Wissens bei den Lehrenden \u00fcber aktuelle Trends der Mathematikdidaktik und dar\u00fcber, was ihre Lernenden aus den vorgelagerten Schulen mitbringen.<\/li>\n<li>Verbesserungen der mathematikdidaktischen Kompetenz der Lehrenden im Hinblick auf die speziellen Anforderungen des \u201eFachrechnens\u201c.<\/li>\n<\/ol>\n<p>Die hier zusammengestellten Beispiele liefern im Rahmen des Forschungsprojekts vor allem einen Beitrag zu den Zielen a) und c). Implizit wird \u00fcber die Entwicklung der Lehrmittel auch Ziel b) angegangen.<\/p>\n","protected":false},"excerpt":{"rendered":"<p>Setzt man den im Leitfaden beschriebenen Prozess um, stellen sich immer wieder Fragen, auf die der Leitfaden direkt keine Antwort gibt. Zudem wird es den Umst\u00e4nden entsprechend meist notwendig sein, an der einen oder anderen Stelle vom Leitfaden abzuweichen. Die &hellip; <a href=\"https:\/\/hrkll.ch\/WordPress\/vom-kopf-auf-die-fuesse\/beispiele\/beispiele-fuer-die-analyse-ganzer-berufe\/\">Weiterlesen <span class=\"meta-nav\">&rarr;<\/span><\/a><\/p>\n","protected":false},"author":7,"featured_media":0,"parent":1574,"menu_order":2,"comment_status":"closed","ping_status":"closed","template":"sidebar-page.php","meta":{"footnotes":""},"class_list":["post-3572","page","type-page","status-publish","hentry"],"_links":{"self":[{"href":"https:\/\/hrkll.ch\/WordPress\/wp-json\/wp\/v2\/pages\/3572","targetHints":{"allow":["GET"]}}],"collection":[{"href":"https:\/\/hrkll.ch\/WordPress\/wp-json\/wp\/v2\/pages"}],"about":[{"href":"https:\/\/hrkll.ch\/WordPress\/wp-json\/wp\/v2\/types\/page"}],"author":[{"embeddable":true,"href":"https:\/\/hrkll.ch\/WordPress\/wp-json\/wp\/v2\/users\/7"}],"replies":[{"embeddable":true,"href":"https:\/\/hrkll.ch\/WordPress\/wp-json\/wp\/v2\/comments?post=3572"}],"version-history":[{"count":0,"href":"https:\/\/hrkll.ch\/WordPress\/wp-json\/wp\/v2\/pages\/3572\/revisions"}],"up":[{"embeddable":true,"href":"https:\/\/hrkll.ch\/WordPress\/wp-json\/wp\/v2\/pages\/1574"}],"wp:attachment":[{"href":"https:\/\/hrkll.ch\/WordPress\/wp-json\/wp\/v2\/media?parent=3572"}],"curies":[{"name":"wp","href":"https:\/\/api.w.org\/{rel}","templated":true}]}}