{"id":348,"date":"2013-02-02T17:42:39","date_gmt":"2013-02-02T16:42:39","guid":{"rendered":"http:\/\/hrkll.ch\/WordPress\/?page_id=348"},"modified":"2013-05-08T07:28:41","modified_gmt":"2013-05-08T06:28:41","slug":"weitere-texte","status":"publish","type":"page","link":"https:\/\/hrkll.ch\/WordPress\/situierte-kompetenzen\/weitere-texte\/","title":{"rendered":"Weitere Texte"},"content":{"rendered":"<p>Hier finden sich in lockerer Folge weiterer Texte zu den Situierten Kompetenzen die meist nach der Drucklegung des Buches entstanden sind.<\/p>\n<ul>\n<li><a title=\"Initiates file download\" href=\"http:\/\/www.hrkll.ch\/typo\/fileadmin\/Texte\/SiKo\/Sitautionen_vs_Faecher.pdf\" target=\"page\">Situationen vs. F\u00e4cher<\/a>. Eine \u00e4ltere Pr\u00e4sentation, entstanden vor den Situierten Kompetenzen.<\/li>\n<li><a title=\"Initiates file download\" href=\"http:\/\/www.hrkll.ch\/typo\/fileadmin\/Texte\/SiKo\/WasIstEineSituation.pdf\" target=\"page\">Was ist eine Situation? <\/a>Gedanken dazu, wie sich der Strom der Ereignisse sinnvolle in Situationen gliedern l\u00e4sst.<\/li>\n<li><a title=\"Initiates file download\" href=\"http:\/\/www.hrkll.ch\/typo\/fileadmin\/Texte\/SiKo\/Acht_Einsatzmoeglichkeiten_fuer_Situationen.pdf\" target=\"page\">Acht M\u00f6glichkeiten eine Liste typischer Berufssituationen zu nutzen<\/a>. Die Situationen k\u00f6nnen nicht nur Bestandteile Situierter Kompetenzen sein, sondern k\u00f6nnen innerhalb der Ausbildung ganz verschiedene Rollen \u00fcbernehmen.<\/li>\n<li><a title=\"Initiates file download\" href=\"http:\/\/www.hrkll.ch\/typo\/fileadmin\/Texte\/SiKo\/Anforderung_und_Koennen.pdf\" target=\"page\">Situative Anforderungen und individuelles K\u00f6nnen<\/a>. Beschreibt man Ausbildungsziele als Situationen, die beherrscht werden m\u00fcssen, macht man keine unn\u00f6tigen &#8211; und vielleicht ungl\u00fccklichen &#8211; Aussagen \u00fcber notwendige Kenntnisse und Fertigkeiten.<\/li>\n<li><a title=\"Initiates file download\" href=\"http:\/\/www.hrkll.ch\/typo\/fileadmin\/Texte\/ILM\/Fuenf_Szenarien_fuer_die_Arbeit_mit_Situationen.pdf\" target=\"page\">F\u00fcnf Szenarien zum Arbeiten mit Situationen im Unterricht:<\/a> Vorschl\u00e4ge, wie sich die Verbindung zwischen dem, was in der Schule geschieht, und dem, was die Lernenden in der betrieblichen Praxis erleben, verbessern lassen. (Ausf\u00fchrlich als Buch: Kaiser, H. (2008). Berufliche Handlungssituationen machen Schule. Winterthur: Edition Swissmem.)<\/li>\n<\/ul>\n","protected":false},"excerpt":{"rendered":"<p>Hier finden sich in lockerer Folge weiterer Texte zu den Situierten Kompetenzen die meist nach der Drucklegung des Buches entstanden sind. Situationen vs. F\u00e4cher. Eine \u00e4ltere Pr\u00e4sentation, entstanden vor den Situierten Kompetenzen. Was ist eine Situation? Gedanken dazu, wie sich &hellip; <a href=\"https:\/\/hrkll.ch\/WordPress\/situierte-kompetenzen\/weitere-texte\/\">Weiterlesen <span class=\"meta-nav\">&rarr;<\/span><\/a><\/p>\n","protected":false},"author":7,"featured_media":0,"parent":40,"menu_order":0,"comment_status":"closed","ping_status":"closed","template":"sidebar-page.php","meta":{"footnotes":""},"class_list":["post-348","page","type-page","status-publish","hentry"],"_links":{"self":[{"href":"https:\/\/hrkll.ch\/WordPress\/wp-json\/wp\/v2\/pages\/348","targetHints":{"allow":["GET"]}}],"collection":[{"href":"https:\/\/hrkll.ch\/WordPress\/wp-json\/wp\/v2\/pages"}],"about":[{"href":"https:\/\/hrkll.ch\/WordPress\/wp-json\/wp\/v2\/types\/page"}],"author":[{"embeddable":true,"href":"https:\/\/hrkll.ch\/WordPress\/wp-json\/wp\/v2\/users\/7"}],"replies":[{"embeddable":true,"href":"https:\/\/hrkll.ch\/WordPress\/wp-json\/wp\/v2\/comments?post=348"}],"version-history":[{"count":0,"href":"https:\/\/hrkll.ch\/WordPress\/wp-json\/wp\/v2\/pages\/348\/revisions"}],"up":[{"embeddable":true,"href":"https:\/\/hrkll.ch\/WordPress\/wp-json\/wp\/v2\/pages\/40"}],"wp:attachment":[{"href":"https:\/\/hrkll.ch\/WordPress\/wp-json\/wp\/v2\/media?parent=348"}],"curies":[{"name":"wp","href":"https:\/\/api.w.org\/{rel}","templated":true}]}}