{"id":3445,"date":"2016-03-02T20:47:07","date_gmt":"2016-03-02T19:47:07","guid":{"rendered":"http:\/\/hrkll.ch\/WordPress\/?page_id=3445"},"modified":"2016-03-12T20:58:21","modified_gmt":"2016-03-12T19:58:21","slug":"alle-einstellungen","status":"publish","type":"page","link":"https:\/\/hrkll.ch\/WordPress\/alltagsmathematik\/numa\/alle-einstellungen\/","title":{"rendered":"Alle Einstellungen"},"content":{"rendered":"<p><em>Folgende Einstellungen kann man auf der Frontseite ver\u00e4ndern:<\/em><\/p>\n<p><strong>Oberer und unterer Ankerwert<\/strong> f\u00fcr jede Skala. Diese Ankerwerte verbinden die Skalen miteinander.<\/p>\n<ul>\n<li><em>Als Ankerwerte kann man beliebig grosse und beliebig kleine, positive oder negative Zahlen eingeben. Je nach Gr\u00f6sse des Bildschirms werden aber Zahlen mit vielen Stellen unter Umst\u00e4nden nicht richtig dargestellt. <\/em><\/li>\n<li><em>ACHTUNG: Auf gewissen Ger\u00e4ten muss man f\u00fcr negative Zahlen f\u00fcr das Minuszeichen\u00a0 zweimal auf den Dezimalpunkt tippen. <\/em><\/li>\n<li><em>Die Bezeichnungen oberer und unterer Ankerwert beziehen sich nur auf die Position auf dem Bildschirm. Der obere Wert kann aber ohne weiteres kleiner als der untere sein.<\/em><\/li>\n<\/ul>\n<p><strong>Titel<\/strong> f\u00fcr jede Skala.<\/p>\n<ul>\n<li><em>Diese Titel haben keine Funktion, d.h. der Rechner funktioniert unabh\u00e4ngig davon. Die Titel dienen nur als Erinnerungshilfe daf\u00fcr, welche Werte die einzelnen Skalen darstellen.<\/em><\/li>\n<\/ul>\n<p><strong>Aufl\u00f6sung<\/strong> der Skalen, d.h. die Gr\u00f6sse des Sprungs von einem Strich zum n\u00e4chsten.<\/p>\n<ul>\n<li><em>Diese Spr\u00fcnge k\u00f6nnen beliebig gross (bspw. mehrere Millionen) oder beliebig klein (bspw. 0.0000001) sein.<\/em><\/li>\n<li><em>Die Spr\u00fcnge zwischen zwei Strichen auf der Skala ganz links entsprechen immer einer Zehnerpotenz, also 1 oder 10 oder 1\u2018000 oder 0.1 oder 0.01 etc.<\/em><\/li>\n<li><em>Zieht man die Skalen der L\u00e4nge nach mit zwei Fingern zusammen, zoomt man hinaus: die Aufl\u00f6sung wird zehnmal gr\u00f6ber. Zieht man sie auseinander, zoomt man hinein: die Aufl\u00f6sung wird zehnmal feiner. Dabei bleibt immer die Zahl auf der Linie neben dem gr\u00fcnen Quadrat dort stehen. Im Prinzip kann man beliebig weit hinein oder hinaus zoomen. Je nach Gr\u00f6sse des Bildschirms werden aber ab einem gewissen Moment Zahlen mit vielen Stellen unter Umst\u00e4nden nicht mehr richtig dargestellt.<\/em><\/li>\n<li><em>Man kann auch hineinzoomen, indem man l\u00e4nger auf eine Zahl dr\u00fcckt. Diese Zahl rutscht dann gleichzeitig ins Zentrum. <\/em><\/li>\n<li><em>Und als letztes kann man auch kurz zweimal auf die Skalen tippen. Die Aufl\u00f6sung wird dann so gew\u00e4hlt, dass die oberen und die unteren Ankerwerte gerade noch gleichzeitig sichtbar sind.<\/em><\/li>\n<\/ul>\n<p><strong>Sichtbarer Ausschnitt<\/strong> der Skalen.<\/p>\n<ul>\n<li><em>Die Skalen sind im Prinzip nach unten und nach oben unbeschr\u00e4nkt, d.h. man kann den sichtbaren Ausschnitt beliebig weit nach oben oder unten schieben. Je nach Gr\u00f6sse des Bildschirms werden aber ab einem gewissen Moment Zahlen mit vielen Stellen unter Umst\u00e4nden nicht mehr richtig dargestellt. <\/em><\/li>\n<li><em>Man kann den Ausschnitt langsam mit einem Finger oder mit Schwung verschieben. <\/em><\/li>\n<li><em>Der Ausschnitt verschiebt sich auch, wenn man hineinzoomt, indem man auf eine Zahl dr\u00fcckt, oder wenn man die Aufl\u00f6sung zur\u00fccksetzt, indem man kurz zweimal auf die Skalen tippt.<\/em><\/li>\n<\/ul>\n<p><em>Weiter Einstellungen kann man unter &lt;Einstellungen&gt; im Men\u00fc ver\u00e4ndern:<\/em><\/p>\n<p><strong>Anzahl Skalen<\/strong>, die gleichzeitig nebeneinander sichtbar sind.<\/p>\n<ul>\n<li><em>Die Anzahl Skalen kann man unter &lt;Einstellungen&gt; &lt;Allgemein&gt; ver\u00e4ndern.<\/em><\/li>\n<li><em>Maximal k\u00f6nnen f\u00fcnf Skalen gleichzeitig angezeigt werden.<\/em><\/li>\n<li><em>M\u00f6glich ist aber auch nur eine einzige Skala.<\/em><\/li>\n<li><em>Erh\u00f6ht man die Anzahl Skalen, werden diese rechts an die schon sichtbaren hinzugef\u00fcgt. Verringert man die Anzahl, werden die Skalen von rechts her entfernt.<\/em><\/li>\n<\/ul>\n<p><strong>Sperre der Ankerwerte<\/strong> f\u00fcr die einzelnen Skalen.<\/p>\n<ul>\n<li><em>F\u00fcr jede einzelne Skala kann sowohl oder obere wie der untere Ankerwert gesperrt werden.<\/em><\/li>\n<li><em>Ein gesperrter Ankerwert kann auf der Frontseite nicht mehr ver\u00e4ndert werde. Will man ihn trotzdem \u00e4ndern, muss man ihn zuerst \u00fcber die Einstellungen entsperren.<\/em><\/li>\n<li><em>Vermutlich macht diese Einstellung nur im Zusammenhang mit dem Abspeichern von Modellen Sinn (in der light Version nicht verf\u00fcgbar). Hat man sich bspw. einen <a href=\"http:\/\/hrkll.ch\/WordPress\/alltagsmathematik\/numa\/umrechner#CelsiusFahrenheit\">Celsius\/Fahrenheit Umrechner<\/a> eingerichtet, ist es zweckm\u00e4ssig, alle Ankerwerte auf allen Skalen zu sperren, da ja eine versehentliche \u00c4nderung eines der Werte den Umrechner unbrauchbar macht.<\/em><\/li>\n<li><em>F\u00fcr einen <a href=\"http:\/\/hrkll.ch\/WordPress\/alltagsmathematik\/numa\/\">Prozentrechner <\/a>sperrt man am besten die beiden unter Anker, da diese auf 0\/0 bleiben m\u00fcssen. Dazu kann man auch den oberen Anker der Prozentskala auf 100 sperren, so dass nur noch der gegen\u00fcberliegende Anker f\u00fcr eine freie Eingabe \u00fcbrig bleibt.<\/em><\/li>\n<\/ul>\n<p><strong>Sperre der Titel <\/strong>der einzelnen Skalen.<\/p>\n<ul>\n<li><em>F\u00fcr jede einzelne Skala kann der Titel gesperrt werden.<\/em><\/li>\n<li><em>Ein gesperrter Titel kann auf der Frontseite nicht mehr ver\u00e4ndert werde. Will man ihn trotzdem \u00e4ndern, muss man ihn zuerst \u00fcber die Einstellungen entsperren.<\/em><\/li>\n<li><em>Vermutlich macht diese Einstellung nur im Zusammenhang mit dem Abspeichern von Modellen Sinn (in der light Version nicht verf\u00fcgbar). Hat man sich bspw. einen <a href=\"http:\/\/hrkll.ch\/WordPress\/alltagsmathematik\/numa\/umrechner#CelsiusFahrenheit\">Celsius\/Fahrenheit Umrechner<\/a> eingerichtet, ist es zweckm\u00e4ssig, die Skalen entsprechend zu beschriften und beide Titel zu sperren.<\/em><\/li>\n<li><em>F\u00fcr einen <a href=\"http:\/\/hrkll.ch\/WordPress\/alltagsmathematik\/numa\/\">Prozentrechner <\/a>beschriftet man sinnvollerweise die Prozent-Skala und sperrt diesen Titel.<\/em><\/li>\n<\/ul>\n<p><strong>Obere und untere Grenzen<\/strong> f\u00fcr jede Skala, \u00fcber die hinaus der sichtbare Ausschnitt nicht verschoben werden kann.<\/p>\n<ul>\n<li><em>F\u00fcr jede einzelne Skala kann eine oberer und\/oder ein untere Grenze festgelegt werden. Sind f\u00fcr mehrere Skalen Grenzen festgelegt, dann ist die engste unter ihnen wirksam.<\/em><\/li>\n<li><em>Existiert eine Grenze, dann kann der sichtbare Bereich nicht \u00fcber diese Grenze hinaus verschoben werden. Will man dies trotzdem tun, muss man die Grenze zuerst \u00fcber die Einstellungen aufheben.<\/em><\/li>\n<li><em>Vermutlich macht diese Einstellung nur im Zusammenhang mit dem Abspeichern von Modellen Sinn (in der light Version nicht verf\u00fcgbar). Hat man sich bspw. einen <a href=\"http:\/\/hrkll.ch\/WordPress\/alltagsmathematik\/numa\/umrechner#CelsiusFahrenheit\">Celsius\/Fahrenheit Umrechner <\/a>eingerichtet, k\u00f6nnte es sinnvoll sein, bei der Celsius Skala eine untere Grenze von -273 festzulegen, da Temperaturen unter -273 Grad Celsius physikalisch nicht m\u00f6glich sind. Dadurch erreicht man, dass man beim schnellen Verschieben des sichtbaren Ausschnitts nach unten nicht immer wieder in Bereiche gelangt, die uninteressant sind.<\/em><\/li>\n<li><em>F\u00fcr einen <a href=\"http:\/\/hrkll.ch\/WordPress\/alltagsmathematik\/numa\/\">Prozentrechner <\/a>k\u00f6nnte eine unter Grenze bei 0 sinnvoll sein, da man typischerweise nicht an negativen Prozents\u00e4tzen interessiert ist. <\/em><\/li>\n<\/ul>\n<p><strong>Minimale und maximale Aufl\u00f6sung<\/strong> f\u00fcr jede Skala, \u00fcber die hinaus man nicht zoomen kann.<\/p>\n<ul>\n<li><em>F\u00fcr jede einzelne Skala kann eine minimale und\/oder eine maximale Aufl\u00f6sung festgelegt werden. Sind f\u00fcr mehrere Skalen solche Beschr\u00e4nkungen festgelegt, dann ist die engste unter ihnen wirksam.<\/em><\/li>\n<li><em>Existiert eine maximale Aufl\u00f6sung, dann kann der Abstand zwischen zwei Linien nicht feiner gemacht werden. Und existiert eine minimale Aufl\u00f6sung, kann der Abstand zwischen zwei Linien nicht gr\u00f6ber gemacht werden. Will man dies trotzdem tun, muss man diese Beschr\u00e4nkungen zuerst \u00fcber die Einstellungen aufheben.<\/em><\/li>\n<li><em>Vermutlich macht diese Einstellung nur im Zusammenhang mit dem Abspeichern von Modellen Sinn (in der light Version nicht verf\u00fcgbar). F\u00fcr einen <a href=\"http:\/\/hrkll.ch\/WordPress\/alltagsmathematik\/numa\/\">Prozentrechner<\/a> k\u00f6nnte man beispielsweise als minimale Aufl\u00f6sung der Prozentskala 100 festlegen, da man typischerweise vielleicht noch an Werten wie 300% aber kaum 4\u2018000% interessiert ist.<\/em><\/li>\n<li><em>Umgekehrt k\u00f6nnte man eine maximale Aufl\u00f6sung von 0.01 festlegen, da man typischerweise vielleicht noch an Werten wie 37.83% aber kaum 37.834% interessiert ist. Dadurch erreicht man, dass man beim Zoomen nicht versehentlich Darstellungen erh\u00e4lt, die f\u00fcr den typischen Gebrauch viel zu fein oder viel zu grob sind.<\/em><\/li>\n<\/ul>\n<p><strong>Modell als Vorlage<\/strong><\/p>\n<ul>\n<li><em>Unter &lt;Allgemeine Einstellung&gt; (dort, wo sich auch die Anzahl Skalen ver\u00e4ndern l\u00e4sst), kann ein Modell als Vorlage gekennzeichnet werden.<\/em><\/li>\n<li><em>L\u00e4dt man eine Vorlage, lass sich zwar alle Einstellungen bearbeiten. Dieses ver\u00e4nderte Modell kann dann aber nur unter einem neuen Namen gespeichert werden. Die Vorlage bleibt erhalten.<\/em><\/li>\n<\/ul>\n","protected":false},"excerpt":{"rendered":"<p>Folgende Einstellungen kann man auf der Frontseite ver\u00e4ndern: Oberer und unterer Ankerwert f\u00fcr jede Skala. Diese Ankerwerte verbinden die Skalen miteinander. Als Ankerwerte kann man beliebig grosse und beliebig kleine, positive oder negative Zahlen eingeben. Je nach Gr\u00f6sse des Bildschirms &hellip; <a href=\"https:\/\/hrkll.ch\/WordPress\/alltagsmathematik\/numa\/alle-einstellungen\/\">Weiterlesen <span class=\"meta-nav\">&rarr;<\/span><\/a><\/p>\n","protected":false},"author":7,"featured_media":0,"parent":3330,"menu_order":8,"comment_status":"closed","ping_status":"closed","template":"sidebar-page.php","meta":{"footnotes":""},"class_list":["post-3445","page","type-page","status-publish","hentry"],"_links":{"self":[{"href":"https:\/\/hrkll.ch\/WordPress\/wp-json\/wp\/v2\/pages\/3445","targetHints":{"allow":["GET"]}}],"collection":[{"href":"https:\/\/hrkll.ch\/WordPress\/wp-json\/wp\/v2\/pages"}],"about":[{"href":"https:\/\/hrkll.ch\/WordPress\/wp-json\/wp\/v2\/types\/page"}],"author":[{"embeddable":true,"href":"https:\/\/hrkll.ch\/WordPress\/wp-json\/wp\/v2\/users\/7"}],"replies":[{"embeddable":true,"href":"https:\/\/hrkll.ch\/WordPress\/wp-json\/wp\/v2\/comments?post=3445"}],"version-history":[{"count":0,"href":"https:\/\/hrkll.ch\/WordPress\/wp-json\/wp\/v2\/pages\/3445\/revisions"}],"up":[{"embeddable":true,"href":"https:\/\/hrkll.ch\/WordPress\/wp-json\/wp\/v2\/pages\/3330"}],"wp:attachment":[{"href":"https:\/\/hrkll.ch\/WordPress\/wp-json\/wp\/v2\/media?parent=3445"}],"curies":[{"name":"wp","href":"https:\/\/api.w.org\/{rel}","templated":true}]}}