{"id":3142,"date":"2015-05-12T11:43:09","date_gmt":"2015-05-12T10:43:09","guid":{"rendered":"http:\/\/hrkll.ch\/WordPress\/?page_id=3142"},"modified":"2015-05-12T12:24:03","modified_gmt":"2015-05-12T11:24:03","slug":"wie-viele-rollen-dachpappe-benoetigen-wir","status":"publish","type":"page","link":"https:\/\/hrkll.ch\/WordPress\/vom-kopf-auf-die-fuesse\/mathematische-werkzeuge\/wie-viele-rollen-dachpappe-benoetigen-wir\/","title":{"rendered":"Wie viele Rollen Dachpappe ben\u00f6tigen wir?"},"content":{"rendered":"<p>Das Beispiel stammt von einem Fachlehrer, welcher an einem mehrt\u00e4gigen Kurs teilgenommen hat. Offenbar hatte ich ihn am ersten Tag davon \u00fcberzeugt, dass man am besten von den Berechnungssituationen ausgeht, welche im entsprechenden Beruf wirklich auftreten. Er ging auf die Suche und pr\u00e4sentierte mir am zweiten Tag eine Situation aus dem Alltag von Dachdeckern:<\/p>\n<p><em>Um Flachd\u00e4cher abzudecken, wird darauf Dachpappe verlegt. Diese Dachpappe wird in Rollen geliefert. Entsprechend stellt sich f\u00fcr ein Team von Dachdeckern jeweils die Frage, wie viele solche Rollen sie zum Decken eines bestimmten Daches mitnehmen m\u00fcssen.<\/em><\/p>\n<p>Der Lehrer kategorisierte die Situation unter \u201eFl\u00e4chenberechnungen\u201c. Und entsprechend nahm er sie als Anlass, um mit den Lernenden die Fl\u00e4chenmasse und Umrechnungen von mm<sup>2<\/sup> bis km<sup>2<\/sup> zu repetieren \u2013 ein sch\u00f6nes Beispiel dessen, was man \u201eschulmathematischen Reflex\u201c nennen k\u00f6nnte.<\/p>\n<p>Im Gespr\u00e4ch am zweiten Kurstag war er dann aber schnell bereit zuzugestehen, dass Dachdecker im beruflichen Alltag wohl kaum je mit Quadratmillimeter und auch nicht mit Quadratkilometer konfrontiert werden. Andere Masse als m<sup>2<\/sup> sind un\u00fcblich. Sein n\u00e4chster Schritt \u201evom Kopf auf die F\u00fcsse\u201c bestand daher darin, das Ganze auf m<sup>2<\/sup> zu beschr\u00e4nken.<\/p>\n<p>Richtig spannend wurde es aber erst, als wir Zeit fanden, gemeinsam die typischen \u00dcberlegungen eines erfahrenen Dachdeckers durchzugehen:<\/p>\n<p>Die Rollen sind 1.20 m breit. Sie werden jeweils 10 cm \u00fcberlappend verklebt, so dass sich Bahnen von genau 1 m Breite ergeben. Nehmen wir an, das Dach sein 6.5 m breit, dann werden 7 solche Bahnen ben\u00f6tigt. Auf jeder Rolle befinden sich 5 Laufmeter Dachpappe. Nehmen wir im Weiteren an, dass das Dach 14 m lang ist, dann ben\u00f6tigen wir pro Bahn 3 Rolle, also insgesamt 7 x 3 = 21 Rollen.<\/p>\n<p>Fertig \u2013 und nirgends kommen auch nur f\u00fcr den Bruchteil einer Sekunde Quadratmeter ins Bild! Dass das Dach im Beispiel eine Fl\u00e4che von 91 m<sup>2<\/sup> aufweist, ist bedeutungslos. Selbstverst\u00e4ndlich ist es so, dass man im Allgemeinen f\u00fcr fl\u00e4chenm\u00e4ssig gr\u00f6ssere D\u00e4cher mehr Rollen ben\u00f6tigt als f\u00fcr kleinere. Aber der Zusammenhang ist nicht so direkt, denn sowohl f\u00fcr ein deutlich kleineres Dach von 6.1 m x 12.1 m (73.8 m<sup>2<\/sup>) wie f\u00fcr ein wesentlich gr\u00f6sseres von 7.0 m x 14.6 m (102.2 m<sup>2<\/sup>) ben\u00f6tigen wir je 3 x 7 = 21 Rollen. Der Blick auf die Fl\u00e4che hilft wenig, lenkt aber stark von den relevanten Zusammenh\u00e4ngen ab.<\/p>\n<p>Viel wichtiger ist die Ber\u00fccksichtigung diverser Randbedingungen, die eingehalten werden m\u00fcssen und die von Betrieb zu Betrieb verschieden sein k\u00f6nnen \u2013 je nach dort \u00fcblichem Vorgehen. In diesem Fall:<\/p>\n<ul>\n<li>Die Bahnen werden allseitig 10 cm \u00fcberlappend verlegt.<\/li>\n<li>Am Rand werden sie jeweils 35 cm hochgezogen (in den Beispielen oben nicht ber\u00fccksichtigt).<\/li>\n<li>Die Bahnen werden in L\u00e4ngsrichtung verlegt und pro Bahn wird maximal eine angebrochene Rolle verwendet (damit m\u00f6glichst wenige N\u00e4hte entstehen und so die Gefahr undichter Stellen m\u00f6glichst klein ist).<\/li>\n<\/ul>\n","protected":false},"excerpt":{"rendered":"<p>Das Beispiel stammt von einem Fachlehrer, welcher an einem mehrt\u00e4gigen Kurs teilgenommen hat. Offenbar hatte ich ihn am ersten Tag davon \u00fcberzeugt, dass man am besten von den Berechnungssituationen ausgeht, welche im entsprechenden Beruf wirklich auftreten. Er ging auf die &hellip; <a href=\"https:\/\/hrkll.ch\/WordPress\/vom-kopf-auf-die-fuesse\/mathematische-werkzeuge\/wie-viele-rollen-dachpappe-benoetigen-wir\/\">Weiterlesen <span class=\"meta-nav\">&rarr;<\/span><\/a><\/p>\n","protected":false},"author":7,"featured_media":0,"parent":2819,"menu_order":0,"comment_status":"open","ping_status":"closed","template":"sidebar-page.php","meta":{"footnotes":""},"class_list":["post-3142","page","type-page","status-publish","hentry"],"_links":{"self":[{"href":"https:\/\/hrkll.ch\/WordPress\/wp-json\/wp\/v2\/pages\/3142","targetHints":{"allow":["GET"]}}],"collection":[{"href":"https:\/\/hrkll.ch\/WordPress\/wp-json\/wp\/v2\/pages"}],"about":[{"href":"https:\/\/hrkll.ch\/WordPress\/wp-json\/wp\/v2\/types\/page"}],"author":[{"embeddable":true,"href":"https:\/\/hrkll.ch\/WordPress\/wp-json\/wp\/v2\/users\/7"}],"replies":[{"embeddable":true,"href":"https:\/\/hrkll.ch\/WordPress\/wp-json\/wp\/v2\/comments?post=3142"}],"version-history":[{"count":0,"href":"https:\/\/hrkll.ch\/WordPress\/wp-json\/wp\/v2\/pages\/3142\/revisions"}],"up":[{"embeddable":true,"href":"https:\/\/hrkll.ch\/WordPress\/wp-json\/wp\/v2\/pages\/2819"}],"wp:attachment":[{"href":"https:\/\/hrkll.ch\/WordPress\/wp-json\/wp\/v2\/media?parent=3142"}],"curies":[{"name":"wp","href":"https:\/\/api.w.org\/{rel}","templated":true}]}}