{"id":2676,"date":"2014-03-10T10:12:41","date_gmt":"2014-03-10T09:12:41","guid":{"rendered":"http:\/\/hrkll.ch\/WordPress\/?page_id=2676"},"modified":"2023-05-16T08:14:38","modified_gmt":"2023-05-16T07:14:38","slug":"denkwerzeuge","status":"publish","type":"page","link":"https:\/\/hrkll.ch\/WordPress\/denkwerzeuge\/","title":{"rendered":"Blog: Wem soll ich glauben?"},"content":{"rendered":"<p>Grundthema dieser Website ist ja die Frage, wie man zu brauchbarem Wissen kommt. Bisher standen vor allem Lernprozesse im Vordergrund. Aber um etwas brauchbares Neues zu lernen, braucht es auch gute Inputs, gute Quellen. Ich m\u00f6chte daher hier der Frage nachgehen, wie wir zu solchen Quellen kommen und wie wir sie beurteilen k\u00f6nnen.<\/p>\n<p>Fake News, Verschw\u00f6rungstheorien, Impfskepsis, Expertenstreit \u2026 Wie soll man sich orientieren? Wem soll man glauben, wenn man kritisch informiert mitdenken m\u00f6chte? Das ist nicht so einfach, denn selbst die Wissenschaft, seri\u00f6s betrieben, erhebt keinen Absolutheitsanspruch, sondern geht davon aus, dass man sich auch irren k\u00f6nnte.<\/p>\n<div style=\"background-color: lavenderblush;\">\n<p><strong id=\"Fall1\">Impfgegner<\/strong><\/p>\n<p>In der Pause eines Elternabends, beim Knabbern von Geb\u00e4ck, kommen die Meiers und die M\u00fcllers ins Gespr\u00e4ch. Sie tauschen sich dar\u00fcber aus, wie ihre Kinder aus Spielgruppen, Kindergarten, Schule immer wieder irgendwelche Krankheiten heimbringen \u2013 nichts Gef\u00e4hrliches, aber in erm\u00fcdender Regelm\u00e4ssigkeit. Ja, ja, die Immunsysteme der Kleinen m\u00fcssen noch viel lernen, ist der Konsens. Dem f\u00fcgt Papa M\u00fcller pl\u00f6tzlich heftig hinzu: \u201eAber auf jeden Fall lassen wir unser Kind nicht gegen Masern und Mumps impfen! Wir haben beide alle Kinderkrankheiten ohne Schaden durchgemacht. Das waren Erfahrungen, die wir unseren Kindern nicht vorenthalten wollen.\u201c Die Meiers sind da anderer Meinung. Sie werden ihre Kinder auf jeden Fall gegen alles M\u00f6gliche impfen lassen. Aber Papa M\u00fcller wirkt so entschlossen, dass sie darauf nichts erwidern m\u00f6gen. Zudem ist die Pause um und alle kehren zu ihren Sitzen zur\u00fcck.<\/p>\n<\/div>\n<p>Wie geht es Ihnen in solch einer Situation? Sofern Sie nicht schon derselben Meinung sind, lassen Sie sich dann von einer entschlossen vorgetragenen Aussage \u00fcberzeugen? Oder bleiben Sie ihrer \u00dcberzeugung treu? Oder versuchen Sie gar die andere Person von Ihrer Meinung (Ihrem Wissen) zu \u00fcberzeugen?<\/p>\n<p>Bei der Frage, wie wir bspw. auf Impfgegner wie M\u00fcllers reagieren wollen, spielen drei grosse Themen eine Rolle:<\/p>\n<ul>\n<li><strong>Toleranz:<\/strong> Gelegentlich kann man auch verschiedener Meinung sein, ohne dass die eine oder andere davon \u00fcberlegen sein muss. Das kann ein Anlass f\u00fcr angeregte Diskussionen sein, aber kein Grund zum Streit. Wie ist das bei Meiers und M\u00fcllers? W\u00e4re es wichtig, dass die eine Seite (welche?) insistiert, dass ihr Vorgehen das richtige ist: \u201eDenn man weiss ja schliesslich, dass \u2026\u201c? Oder ist es okay, wenn sie das Gespr\u00e4ch nicht weiter verfolgen, mit der Haltung \u201eIhr macht das so, wir machen das so\u201c.<\/li>\n<li><strong>Verantwortung:<\/strong> Bleibt es nicht nur bei einer mehr oder weniger angeregten Diskussion, sondern geht es darum, Entscheidungen zu f\u00e4llen, dann spielt es allerdings sehr wohl eine Rolle, welche Meinung zur Anwendung kommt und was das f\u00fcr die Betroffenen bedeutet. Wenn die M\u00fcllers ihre Kinder nicht gegen Masern impfen, dann besteht die M\u00f6glichkeit, dass ihre Kinder daran erkranken \u2013 was M\u00fcllers ja eigentlich m\u00f6chten \u2013 und nicht jede Masernerkrankung verl\u00e4uft harmlos.<\/li>\n<li><strong>Vertrauen:<\/strong> Um sich eine Meinung zu bilden, ist man immer auf die Mithilfe anderer angewiesen, deren Hilfe mehr oder weniger n\u00fctzlich ist und mehr oder weniger ehrlich gemeint sein kann. Wenn Meiers sich nach dem Gespr\u00e4ch trotzdem \u00fcberlegen, ob das Impfen gegen Masern und Mumps eine gute Idee ist, dann brauchen sie weitere Informationen. Sollen sie einfach M\u00fcllers glauben? Oder wen sollen sie fragen? Und wem sollen sie glauben, wenn es widerspr\u00fcchliche Meinungen gibt?<\/li>\n<\/ul>\n<p>Anhand dieser drei Themen werde ich in unregelm\u00e4ssigen Abst\u00e4nden \u00dcberlegungen anstellen, die helfen k\u00f6nnen zu entscheiden, wem man was glauben will. Hier noch ein zweites Beispiel dazu, welche Fragen dabei zur Sprache kommen:<\/p>\n<div style=\"background-color: lavenderblush;\">\n<p><strong id=\"Fall2\">Wiedergeboren<\/strong><\/p>\n<p>Bei einem Familienfest sass ich mit einer Person am Tisch, mit der ich mich bisher noch nie unterhalten hatte. Ich weiss nicht mehr, wie das Gespr\u00e4ch darauf kam, aber an einem Punkte sagte die neue Bekannte: \u201eIch bin wiedergeboren.\u201c Es war ziemlich laut im Saal und da ich nicht sicher war, ob ich richtig geh\u00f6rt hatte, fragte ich zur\u00fcck: \u201eDu glaubst also, dass du schon einmal gelebt hast?\u201c. Die Antwort darauf: \u201eIch glaube das nicht, ich weiss es.\u201c Viel gab es darauf dazu nicht mehr zu sagen.<\/p>\n<\/div>\n<p>Auch hier stellen sich dieselben Fragen: Soll ich das jetzt auch glauben? Oder weiss ich jetzt sogar, dass die neue Bekannte schon einmal gelebt hat? Und was ist der Unterschied zwischen wissen und glauben? Und wenn ich selbst glaube (weiss?), dass so etwas nicht m\u00f6glich ist, soll ich dann meinen Gegen\u00fcber diese Idee ausreden? Wie k\u00f6nnte ich sie \u00fcberzeugen?<\/p>\n<p>Weiter lesen &gt;&gt; <a href=\"https:\/\/hrkll.ch\/WordPress\/denkwerzeuge\/wahrheit\/\">Wahrheit?<\/a><\/p>\n","protected":false},"excerpt":{"rendered":"<p>Grundthema dieser Website ist ja die Frage, wie man zu brauchbarem Wissen kommt. Bisher standen vor allem Lernprozesse im Vordergrund. Aber um etwas brauchbares Neues zu lernen, braucht es auch gute Inputs, gute Quellen. Ich m\u00f6chte daher hier der Frage &hellip; <a href=\"https:\/\/hrkll.ch\/WordPress\/denkwerzeuge\/\">Weiterlesen <span class=\"meta-nav\">&rarr;<\/span><\/a><\/p>\n","protected":false},"author":7,"featured_media":0,"parent":0,"menu_order":5,"comment_status":"open","ping_status":"closed","template":"sidebar-page.php","meta":{"footnotes":""},"class_list":["post-2676","page","type-page","status-publish","hentry"],"_links":{"self":[{"href":"https:\/\/hrkll.ch\/WordPress\/wp-json\/wp\/v2\/pages\/2676","targetHints":{"allow":["GET"]}}],"collection":[{"href":"https:\/\/hrkll.ch\/WordPress\/wp-json\/wp\/v2\/pages"}],"about":[{"href":"https:\/\/hrkll.ch\/WordPress\/wp-json\/wp\/v2\/types\/page"}],"author":[{"embeddable":true,"href":"https:\/\/hrkll.ch\/WordPress\/wp-json\/wp\/v2\/users\/7"}],"replies":[{"embeddable":true,"href":"https:\/\/hrkll.ch\/WordPress\/wp-json\/wp\/v2\/comments?post=2676"}],"version-history":[{"count":18,"href":"https:\/\/hrkll.ch\/WordPress\/wp-json\/wp\/v2\/pages\/2676\/revisions"}],"predecessor-version":[{"id":4962,"href":"https:\/\/hrkll.ch\/WordPress\/wp-json\/wp\/v2\/pages\/2676\/revisions\/4962"}],"wp:attachment":[{"href":"https:\/\/hrkll.ch\/WordPress\/wp-json\/wp\/v2\/media?parent=2676"}],"curies":[{"name":"wp","href":"https:\/\/api.w.org\/{rel}","templated":true}]}}