{"id":26,"date":"2013-01-31T14:57:00","date_gmt":"2013-01-31T13:57:00","guid":{"rendered":"http:\/\/hrkll.ch\/WordPress\/?page_id=26"},"modified":"2013-02-08T18:48:04","modified_gmt":"2013-02-08T17:48:04","slug":"das-buch","status":"publish","type":"page","link":"https:\/\/hrkll.ch\/WordPress\/iml2\/das-buch\/","title":{"rendered":"Das Buch (IML1)"},"content":{"rendered":"<p>Aus vielf\u00e4ltigen Auseinandersetzungen mit dem Thema Lernen w\u00e4hrend mehr als 30 Jahre ist ein Buch entstanden, das die wichtigsten Ideen zusammenfasst.<\/p>\n<p>Hansruedi Kaiser (2005):<em> Wirksames Wissen aufbauen. Ein integrierendes Modell des Lernens.<\/em> Bern, <a href=\"http:\/\/www.hep-verlag.ch\/wirksames-wissen\" target=\"_blank\">h.e.p. Verlag<\/a>, ISBN 3-03905-121-0<em><strong> <\/strong><\/em><\/p>\n<p>Das im Buch beschriebene integrierende Modell des Lernens (IML)erlaubt es, verschiedene Str\u00f6mungen der Lerntheorie, der Lernforschung etc. zueinander in Bezug zu setzen, so dass daraus ein umfassendes Bild entsteht. <a title=\"Inhaltsverzeichnis\" href=\"http:\/\/hrkll.ch\/WordPress\/?page_id=593\">Inhalt<\/a><\/p>\n<p>Es war nicht m\u00f6glich alles Material, das zur Verf\u00fcgung stand, in diesem Buch einzubinden. Verschiedene erg\u00e4nzende Unterlagen finden sich deshalb hier.<\/p>\n<ol>\n<li><strong>Die Entstehungsgeschichte<\/strong>: Das Buch folgt in etwa chronologisch der Entstehung des Modells. Welche Erfahrungen jeweils zum n\u00e4chsten Schritt gef\u00fchrt haben, ist aber nur angedeutet. Leserinnen und Leser, die \u2013 wie ich selbst \u2013 eine Idee am besten verstehen k\u00f6nnen, wenn sie ihre <a title=\"Entstehungsgeschichte\" href=\"http:\/\/hrkll.ch\/WordPress\/?page_id=632\">Entstehungsgeschichte<\/a> mit all ihren Umwegen miterleben, finden hier entsprechendes Material.<\/li>\n<li><strong>Zus\u00e4tzliches Hintergrundmaterial: <\/strong>Zu einigen Kapitel aus dem Buch gibt es hier <a title=\"Zusatzmaterial zum IML Buch\" href=\"http:\/\/hrkll.ch\/WordPress\/?page_id=598\">zus\u00e4tzliches Material<\/a> wie einzelne Graphiken, theoretische \u00dcberlegungen, die das IML nur am Rande betreffen und didaktische Umsetzungsideen.<\/li>\n<\/ol>\n","protected":false},"excerpt":{"rendered":"<p>Aus vielf\u00e4ltigen Auseinandersetzungen mit dem Thema Lernen w\u00e4hrend mehr als 30 Jahre ist ein Buch entstanden, das die wichtigsten Ideen zusammenfasst. Hansruedi Kaiser (2005): Wirksames Wissen aufbauen. Ein integrierendes Modell des Lernens. Bern, h.e.p. Verlag, ISBN 3-03905-121-0 Das im Buch &hellip; <a href=\"https:\/\/hrkll.ch\/WordPress\/iml2\/das-buch\/\">Weiterlesen <span class=\"meta-nav\">&rarr;<\/span><\/a><\/p>\n","protected":false},"author":7,"featured_media":0,"parent":19,"menu_order":1,"comment_status":"closed","ping_status":"closed","template":"sidebar-page.php","meta":{"footnotes":""},"class_list":["post-26","page","type-page","status-publish","hentry"],"_links":{"self":[{"href":"https:\/\/hrkll.ch\/WordPress\/wp-json\/wp\/v2\/pages\/26","targetHints":{"allow":["GET"]}}],"collection":[{"href":"https:\/\/hrkll.ch\/WordPress\/wp-json\/wp\/v2\/pages"}],"about":[{"href":"https:\/\/hrkll.ch\/WordPress\/wp-json\/wp\/v2\/types\/page"}],"author":[{"embeddable":true,"href":"https:\/\/hrkll.ch\/WordPress\/wp-json\/wp\/v2\/users\/7"}],"replies":[{"embeddable":true,"href":"https:\/\/hrkll.ch\/WordPress\/wp-json\/wp\/v2\/comments?post=26"}],"version-history":[{"count":0,"href":"https:\/\/hrkll.ch\/WordPress\/wp-json\/wp\/v2\/pages\/26\/revisions"}],"up":[{"embeddable":true,"href":"https:\/\/hrkll.ch\/WordPress\/wp-json\/wp\/v2\/pages\/19"}],"wp:attachment":[{"href":"https:\/\/hrkll.ch\/WordPress\/wp-json\/wp\/v2\/media?parent=26"}],"curies":[{"name":"wp","href":"https:\/\/api.w.org\/{rel}","templated":true}]}}