{"id":184,"date":"2013-02-01T18:06:18","date_gmt":"2013-02-01T17:06:18","guid":{"rendered":"http:\/\/hrkll.ch\/WordPress\/?page_id=184"},"modified":"2013-02-08T19:03:48","modified_gmt":"2013-02-08T18:03:48","slug":"rechengeschichten-erfinden","status":"publish","type":"page","link":"https:\/\/hrkll.ch\/WordPress\/alltagsmathematik\/geschichten\/rechengeschichten-erfinden\/","title":{"rendered":"Rechengeschichten erfinden"},"content":{"rendered":"<p>Verschiedene l\u00e4ndervergleichende Studien hatten den koreanischen Kindern best\u00e4tigt, dass sie sehr gut Bruchrechnen k\u00f6nnen. Im Rahmen einer Untersuchung wollte man \u00fcberpr\u00fcfen, ob sie nur &#8222;rechnen&#8220; k\u00f6nnen, oder ob sie auch in der Lage sind, dies Rechnungen auch mit realen Situationen in Verbindung zu bringen.<\/p>\n<p>Unter anderem bat man die untersuchten Kinder zu verschiedenen Rechenaufgaben eine Geschichte zu erfinden. Die Resultate waren interessant, beispielsweise im folgenden Fall:<\/p>\n<blockquote><p>Erfinde eine Geschichte zu: 4 1\/6 + 3\/4.<br \/>\nIm Zoo hat es 4 1\/6 Gorillas. Der Direktor kauft 3\/4 Gorilla dazu. Wie viele Gorillas gibt es nun im Zoo?<\/p><\/blockquote>\n<p>Offenbar kann auch das <em>Geschichten erfinden<\/em>,\u00a0welches in der Mathematikdidaktik zur F\u00f6rderung einer Verbindung zwischen abstraktem Rechnen und konkreten Situationen eingesetzt wird, zur rein schulischen \u00dcbung werden.<\/p>\n<p><em>Lew, H.-C. (1999). New Goals and Directions for Mathematics Education in Korea. In C. Hoyles, C. Morgan &amp; G. Woodhouse (Eds.), Rethinking the Mathematics Curriculum (pp. 218-227). London: Falmer Press<\/em><\/p>\n","protected":false},"excerpt":{"rendered":"<p>Verschiedene l\u00e4ndervergleichende Studien hatten den koreanischen Kindern best\u00e4tigt, dass sie sehr gut Bruchrechnen k\u00f6nnen. Im Rahmen einer Untersuchung wollte man \u00fcberpr\u00fcfen, ob sie nur &#8222;rechnen&#8220; k\u00f6nnen, oder ob sie auch in der Lage sind, dies Rechnungen auch mit realen Situationen &hellip; <a href=\"https:\/\/hrkll.ch\/WordPress\/alltagsmathematik\/geschichten\/rechengeschichten-erfinden\/\">Weiterlesen <span class=\"meta-nav\">&rarr;<\/span><\/a><\/p>\n","protected":false},"author":7,"featured_media":0,"parent":149,"menu_order":15,"comment_status":"closed","ping_status":"closed","template":"sidebar-page.php","meta":{"footnotes":""},"class_list":["post-184","page","type-page","status-publish","hentry"],"_links":{"self":[{"href":"https:\/\/hrkll.ch\/WordPress\/wp-json\/wp\/v2\/pages\/184","targetHints":{"allow":["GET"]}}],"collection":[{"href":"https:\/\/hrkll.ch\/WordPress\/wp-json\/wp\/v2\/pages"}],"about":[{"href":"https:\/\/hrkll.ch\/WordPress\/wp-json\/wp\/v2\/types\/page"}],"author":[{"embeddable":true,"href":"https:\/\/hrkll.ch\/WordPress\/wp-json\/wp\/v2\/users\/7"}],"replies":[{"embeddable":true,"href":"https:\/\/hrkll.ch\/WordPress\/wp-json\/wp\/v2\/comments?post=184"}],"version-history":[{"count":0,"href":"https:\/\/hrkll.ch\/WordPress\/wp-json\/wp\/v2\/pages\/184\/revisions"}],"up":[{"embeddable":true,"href":"https:\/\/hrkll.ch\/WordPress\/wp-json\/wp\/v2\/pages\/149"}],"wp:attachment":[{"href":"https:\/\/hrkll.ch\/WordPress\/wp-json\/wp\/v2\/media?parent=184"}],"curies":[{"name":"wp","href":"https:\/\/api.w.org\/{rel}","templated":true}]}}