{"id":157,"date":"2013-02-01T17:56:31","date_gmt":"2013-02-01T16:56:31","guid":{"rendered":"http:\/\/hrkll.ch\/WordPress\/?page_id=157"},"modified":"2013-02-08T19:04:07","modified_gmt":"2013-02-08T18:04:07","slug":"ungewollte-schwangerschaft","status":"publish","type":"page","link":"https:\/\/hrkll.ch\/WordPress\/alltagsmathematik\/geschichten\/ungewollte-schwangerschaft\/","title":{"rendered":"Ungewollte Schwangerschaft"},"content":{"rendered":"<p>Daniel Chazan beschreibt in \u201eBeyond Formulas in Mathematics and Teaching (2000, New York, Teachers College Press) seinen Werdegang als Mathematiklehrer auf der Oberstufe. Zuerst unterrichtete er an Schulen in eher privilegierten Gebieten mit Lernenden, die von einem \u201ebildungsnahen\u201c Hintergrund kamen. Nat\u00fcrlich versuchte er immer von konkreten Beispielen auszugehen um den Lernenden ein Gef\u00fchl daf\u00fcr zu geben, wozu das brauchbar war, was er als n\u00e4chstes behandeln wollte.<\/p>\n<p>Sp\u00e4ter wechselte er dann in eine Schule in einem sogenannt \u201einneren Vorort\u201c, wo die Lernenden ganz im Gegensatz zu vorher von einem ausgesprochen \u201ebildungsfernen\u201c Hintergrund stammten. Und funktionierte sein Vorgehen mit den einleitenden Beispielen pl\u00f6tzlich nicht mehr. Irgendwie liessen sich die Lernenden trotz all seinen Bem\u00fchungen nicht f\u00fcr den Stoff interessieren.<\/p>\n<p>Eines Tages gab er auf und sagte der Klasse \u201eIch habe genug davon, Euch zu zeigen, was ich mit Euch tun m\u00f6chte. Es klappt nicht. Jetzt seit Ihr dran. Gibt es etwas, das Ihr berechnen m\u00f6chtet.\u201c Es dauerte eine Zeit, bis sich jemand meldete, dann aber schlug ein M\u00e4dchen folgendes von: &#8222;In unserer Klasse sind nun schon drei ungewollt schwanger geworden. Wir w\u00e4re es, wenn wird das einmal auf die ganze Schule hochrechnen w\u00fcrden?&#8220;<\/p>\n<p>In diesem Moment fiel es Daniel Chazan wie Schuppen vor den Augen und er begriff, wie meilenweit sein einleitenden Beispiele von der Erlebnisrealit\u00e4t seiner Sch\u00fclerinnen und Sch\u00fcler entfernt waren. Von da an begann er regelm\u00e4ssig mit Fragen und Beispielen zu arbeiten, welche die Lernenden selbst einbrachten &#8211; mit gutem Erfolg.<\/p>\n","protected":false},"excerpt":{"rendered":"<p>Daniel Chazan beschreibt in \u201eBeyond Formulas in Mathematics and Teaching (2000, New York, Teachers College Press) seinen Werdegang als Mathematiklehrer auf der Oberstufe. Zuerst unterrichtete er an Schulen in eher privilegierten Gebieten mit Lernenden, die von einem \u201ebildungsnahen\u201c Hintergrund kamen. &hellip; <a href=\"https:\/\/hrkll.ch\/WordPress\/alltagsmathematik\/geschichten\/ungewollte-schwangerschaft\/\">Weiterlesen <span class=\"meta-nav\">&rarr;<\/span><\/a><\/p>\n","protected":false},"author":7,"featured_media":0,"parent":149,"menu_order":2,"comment_status":"closed","ping_status":"closed","template":"sidebar-page.php","meta":{"footnotes":""},"class_list":["post-157","page","type-page","status-publish","hentry"],"_links":{"self":[{"href":"https:\/\/hrkll.ch\/WordPress\/wp-json\/wp\/v2\/pages\/157","targetHints":{"allow":["GET"]}}],"collection":[{"href":"https:\/\/hrkll.ch\/WordPress\/wp-json\/wp\/v2\/pages"}],"about":[{"href":"https:\/\/hrkll.ch\/WordPress\/wp-json\/wp\/v2\/types\/page"}],"author":[{"embeddable":true,"href":"https:\/\/hrkll.ch\/WordPress\/wp-json\/wp\/v2\/users\/7"}],"replies":[{"embeddable":true,"href":"https:\/\/hrkll.ch\/WordPress\/wp-json\/wp\/v2\/comments?post=157"}],"version-history":[{"count":0,"href":"https:\/\/hrkll.ch\/WordPress\/wp-json\/wp\/v2\/pages\/157\/revisions"}],"up":[{"embeddable":true,"href":"https:\/\/hrkll.ch\/WordPress\/wp-json\/wp\/v2\/pages\/149"}],"wp:attachment":[{"href":"https:\/\/hrkll.ch\/WordPress\/wp-json\/wp\/v2\/media?parent=157"}],"curies":[{"name":"wp","href":"https:\/\/api.w.org\/{rel}","templated":true}]}}