{"id":1520,"date":"2013-02-25T15:02:42","date_gmt":"2013-02-25T14:02:42","guid":{"rendered":"http:\/\/hrkll.ch\/WordPress\/?page_id=1520"},"modified":"2013-03-04T16:31:58","modified_gmt":"2013-03-04T15:31:58","slug":"fachrechnen-haustechnikpraktiker","status":"publish","type":"page","link":"https:\/\/hrkll.ch\/WordPress\/alltagsmathematik\/projekte\/fachrechnen-haustechnikpraktiker\/","title":{"rendered":"Fachrechnen Haustechnikpraktiker"},"content":{"rendered":"<p>Haustechnikpraktiker unterst\u00fctzen Sanit\u00e4r- und Heizungsinstallateure beim Einbau von &#8222;R\u00f6hren&#8220; in Geb\u00e4uden (Wasser, Gas, Heizung &#8230;). Ihre Ausbildung dauert zwei Jahre und ist auf schulisch eher schwache Lernende ausgerichtet.<\/p>\n<p><img loading=\"lazy\" decoding=\"async\" class=\"aligncenter\" alt=\"\" src=\"http:\/\/www.hrkll.ch\/typo\/fileadmin\/bilder\/Alltagsmathematik\/Abwasser_Bogen.jpg\" width=\"168\" height=\"120\" \/><\/p>\n<p>Die Arbeit in diesem Projekt erfolgt stufenweise. F\u00fcr die erste Stufe sind drei Lernumgebungen zu drei Situationen geplant, die f\u00fcr die weitere Entwicklung als Muster dienen k\u00f6nnen.<\/p>\n<ul>\n<li><a href=\"http:\/\/www.hrkll.ch\/typo\/fileadmin\/Texte\/Alltagsmathematik\/Lernumgebungen\/Lernumgebung_Rohrlaengen_Abwasserinstallationen.pdf\" target=\"_blank\">Rohrl\u00e4ngen bei Abwasserinstallationen<\/a>: Wie muss ich die Rohre zuschneiden, so dass sie dann beim Einbau auf der Baustelle sauber zusammenpassen?<\/li>\n<li>Aufbau eines Heizungsverteilers: Welche Elemente brauche ich und wie muss ich sie in der L\u00e4nge zuschneiden, so dass alles zusammenpasst?<\/li>\n<li><a title=\"pdf in einem neuen Fenster anzeigen\" href=\"http:\/\/www.hrkll.ch\/typo\/fileadmin\/Texte\/Alltagsmathematik\/Lernumgebungen\/Lernumgebung_Rohrabstand.pdf\" target=\"_blank\">Abst\u00e4nde zwischen Rohren<\/a>: Wie muss ich die Rohre nebeneinander anordnen, so dass das ganze ordentlich aussieht und gen\u00fcgend Abstand f\u00fcr das Isolationsmaterial bleibt?<\/li>\n<\/ul>\n","protected":false},"excerpt":{"rendered":"<p>Haustechnikpraktiker unterst\u00fctzen Sanit\u00e4r- und Heizungsinstallateure beim Einbau von &#8222;R\u00f6hren&#8220; in Geb\u00e4uden (Wasser, Gas, Heizung &#8230;). Ihre Ausbildung dauert zwei Jahre und ist auf schulisch eher schwache Lernende ausgerichtet. Die Arbeit in diesem Projekt erfolgt stufenweise. F\u00fcr die erste Stufe sind &hellip; <a href=\"https:\/\/hrkll.ch\/WordPress\/alltagsmathematik\/projekte\/fachrechnen-haustechnikpraktiker\/\">Weiterlesen <span class=\"meta-nav\">&rarr;<\/span><\/a><\/p>\n","protected":false},"author":7,"featured_media":0,"parent":189,"menu_order":2,"comment_status":"closed","ping_status":"closed","template":"sidebar-page.php","meta":{"footnotes":""},"class_list":["post-1520","page","type-page","status-publish","hentry"],"_links":{"self":[{"href":"https:\/\/hrkll.ch\/WordPress\/wp-json\/wp\/v2\/pages\/1520","targetHints":{"allow":["GET"]}}],"collection":[{"href":"https:\/\/hrkll.ch\/WordPress\/wp-json\/wp\/v2\/pages"}],"about":[{"href":"https:\/\/hrkll.ch\/WordPress\/wp-json\/wp\/v2\/types\/page"}],"author":[{"embeddable":true,"href":"https:\/\/hrkll.ch\/WordPress\/wp-json\/wp\/v2\/users\/7"}],"replies":[{"embeddable":true,"href":"https:\/\/hrkll.ch\/WordPress\/wp-json\/wp\/v2\/comments?post=1520"}],"version-history":[{"count":0,"href":"https:\/\/hrkll.ch\/WordPress\/wp-json\/wp\/v2\/pages\/1520\/revisions"}],"up":[{"embeddable":true,"href":"https:\/\/hrkll.ch\/WordPress\/wp-json\/wp\/v2\/pages\/189"}],"wp:attachment":[{"href":"https:\/\/hrkll.ch\/WordPress\/wp-json\/wp\/v2\/media?parent=1520"}],"curies":[{"name":"wp","href":"https:\/\/api.w.org\/{rel}","templated":true}]}}