{"id":13,"date":"2013-01-31T14:35:05","date_gmt":"2013-01-31T13:35:05","guid":{"rendered":"http:\/\/hrkll.ch\/WordPress\/?page_id=13"},"modified":"2020-05-18T10:26:07","modified_gmt":"2020-05-18T09:26:07","slug":"about","status":"publish","type":"page","link":"https:\/\/hrkll.ch\/WordPress\/about\/","title":{"rendered":"Inhalt"},"content":{"rendered":"<h1>Ein Integrierendes Modell des Lernens<\/h1>\n<p>In gut 40 Jahren Arbeit ist ein Modell des menschlichen Lernens entstanden und vielfach eingesetzt worden. Es hat sich vor allem als Hintergrundmodell f\u00fcr die Arbeit von Lehrpersonen an Berufsfachschulen bew\u00e4hrt. Diese m\u00fcssen\u00a0 in ihrer Arbeit st\u00e4ndig eine Verbindung zwischen den an der Schule vermittelten Inhalten und den Erfahrungen der Lernenden aus den Betrieben herstellen. Konzepte zu unterschiedlichen Wissensarten und deren Zusammenspiel helfen ihnen dabei.<\/p>\n<p>Das Model integriert verschiedenste Str\u00f6mungen der lerntheoretischen Forschung und Theoriebildung. Eine Herleitung dieses &#8222;<a title=\"IML\" href=\"http:\/\/hrkll.ch\/WordPress\/?page_id=19\">IML<\/a>&#8220; gibt es in Buchform. Hier findet man zus\u00e4tzliches Material, das die Darstellungen im Buch erg\u00e4nzt.<\/p>\n<p>Eine systematische Darstellung des Modells findet sich unter <a title=\"IML2\" href=\"http:\/\/hrkll.ch\/WordPress\/?page_id=35\">IML2<\/a>. IML2 geht in einigen Punkten \u00fcber das urspr\u00fcngliche IML hinaus.<\/p>\n<h2><a title=\"Schienen\" href=\"http:\/\/hrkll.ch\/WordPress\/lehrerbildung\/\">Lehrerbildung<\/a><\/h2>\n<p>Verschiedene \u00dcberlegungen zur Lehrerbildung. Darunter ein durch das IML beg\u00fcndbares Format wirksamer Weiterbildungen sowie Fragen zum Verh\u00e4ltnis zwischen Forscher und Lehrperson.<\/p>\n<h2><a title=\"Situierte Kompetenzen\" href=\"http:\/\/hrkll.ch\/WordPress\/?page_id=40\">Situierte Kompetenzen<\/a><\/h2>\n<p>Situierte Kompetenzen ist ein Versuch, ein Format zu Beschreibung von Ausbildungszielen zu entwickeln, welches konsequent auf den Eigenschaften des IML aufbaut.<\/p>\n<h2><a title=\"Alltagsmathematik\" href=\"http:\/\/hrkll.ch\/WordPress\/?page_id=29\">Alltagsmathematik<\/a><\/h2>\n<p>Eine Vielzahl kleiner, ineinander greifender Projekte, bei denen es darum geht, die mathematische Kompetenz verschiedenster Personen im privaten und beruflichen Alltag zu f\u00f6rdern. Auch hier spielt das IML als lerntheoretischer Hintergrund eine wichtige Rolle.<\/p>\n<h2><a title=\"Fachrechnen vom Kopf auf die F\u00fcsse gestellt\" href=\"http:\/\/hrkll.ch\/WordPress\/?page_id=1554\">Fachrechnen vom Kopf auf die F\u00fcsse gestellt<\/a><\/h2>\n<p>Ein Handbuch f\u00fcr all diejenigen, welche ihren Unterricht im Fachrechnen an der Berufsfachschule n\u00e4her mit der betrieblichen Wirklichkeit verzahnen m\u00f6chten. Zentral ist die Vorstellung der Verankerung von Rechnen\/Mathematik in konkreten Handlungssituationen.<\/p>\n<h2>Zur Person<\/h2>\n<p>Hansruedi Kaiser, Dr. phil.<\/p>\n<p>Lange Zeit arbeitete ich am Eidgen\u00f6ssischen Hochschulinstitut f\u00fcr Berufsbildung als Senior Researcher. Unterdessen bin ich pensioniert und habe viel Zeit zum Nachdenken. Ob die Themen, mit denen ich mich jetzt besch\u00e4ftige, den Weg auf diese Website finden werden, ist noch ungewiss.<\/p>\n<p>Der Grundstock des Wissens, auf dem ich aufbaue, entstand in langj\u00e4hriger universit\u00e4rer Forschungs- und Lehrt\u00e4tigkeit zu den Themen Lernen, Denken und kooperatives Probleml\u00f6sen. Dem folgten praktische Umsetzungen bei der Entwicklung von Expertensystemen (UBS), bei der Gestaltung computerbasierter Lernm\u00f6glichkeiten (Beratung diverser Firmen), im Bereich Mensch-Computer-Interaktion (Lehrauftr\u00e4ge an Fachhochschulen und im Rahmen des Nachdiplomstudiums Informatik und Telekommunikation) und bei der Entwicklung flexibler Formen der Lehrerweiterbildung sowie der Gestaltung ganzer Ausbildungsg\u00e4nge (Departement Berufsbildung des Schweizerisches Rotes Kreuz).<\/p>\n<p>Dabei besch\u00e4ftigt mich wissenschaftstheoretisch auch immer die Frage: <a href=\"http:\/\/hrkll.ch\/WordPress\/lehrerbildung\/wirkungskaskade\/\">Wie kann ein Forscher gezielt Wissen erarbeiten<\/a>, das einer Dozentin hilft ihren Lehrerstudenten zu helfen, dass diese in der Lage sind, ihren Lernenden zu helfen handlungswirksames Wissen zu erwerben?<\/p>\n<p>Eine mehr oder weniger komplette <a title=\"Publikationsliste auf academia.edu\" href=\"http:\/\/ehb-schweiz.academia.edu\/HansruediKaiser\" target=\"_blank\" rel=\"noopener noreferrer\">Publikationsliste <\/a>findet sich auf academia.edu<\/p>\n","protected":false},"excerpt":{"rendered":"<p>Ein Integrierendes Modell des Lernens In gut 40 Jahren Arbeit ist ein Modell des menschlichen Lernens entstanden und vielfach eingesetzt worden. Es hat sich vor allem als Hintergrundmodell f\u00fcr die Arbeit von Lehrpersonen an Berufsfachschulen bew\u00e4hrt. Diese m\u00fcssen\u00a0 in ihrer &hellip; <a href=\"https:\/\/hrkll.ch\/WordPress\/about\/\">Weiterlesen <span class=\"meta-nav\">&rarr;<\/span><\/a><\/p>\n","protected":false},"author":7,"featured_media":0,"parent":0,"menu_order":0,"comment_status":"closed","ping_status":"closed","template":"sidebar-page.php","meta":{"footnotes":""},"class_list":["post-13","page","type-page","status-publish","hentry"],"_links":{"self":[{"href":"https:\/\/hrkll.ch\/WordPress\/wp-json\/wp\/v2\/pages\/13","targetHints":{"allow":["GET"]}}],"collection":[{"href":"https:\/\/hrkll.ch\/WordPress\/wp-json\/wp\/v2\/pages"}],"about":[{"href":"https:\/\/hrkll.ch\/WordPress\/wp-json\/wp\/v2\/types\/page"}],"author":[{"embeddable":true,"href":"https:\/\/hrkll.ch\/WordPress\/wp-json\/wp\/v2\/users\/7"}],"replies":[{"embeddable":true,"href":"https:\/\/hrkll.ch\/WordPress\/wp-json\/wp\/v2\/comments?post=13"}],"version-history":[{"count":5,"href":"https:\/\/hrkll.ch\/WordPress\/wp-json\/wp\/v2\/pages\/13\/revisions"}],"predecessor-version":[{"id":4386,"href":"https:\/\/hrkll.ch\/WordPress\/wp-json\/wp\/v2\/pages\/13\/revisions\/4386"}],"wp:attachment":[{"href":"https:\/\/hrkll.ch\/WordPress\/wp-json\/wp\/v2\/media?parent=13"}],"curies":[{"name":"wp","href":"https:\/\/api.w.org\/{rel}","templated":true}]}}

<h1>Ein Integrierendes Modell des Lernens</h1>
<p>In gut 40 Jahren Arbeit ist ein Modell des menschlichen Lernens entstanden und vielfach eingesetzt worden. Es hat sich vor allem als Hintergrundmodell für die Arbeit von Lehrpersonen an Berufsfachschulen bewährt. Diese müssen  in ihrer Arbeit ständig eine Verbindung zwischen den an der Schule vermittelten Inhalten und den Erfahrungen der Lernenden aus den Betrieben herstellen. Konzepte zu unterschiedlichen Wissensarten und deren Zusammenspiel helfen ihnen dabei.</p>
<p>Das Model integriert verschiedenste Strömungen der lerntheoretischen Forschung und Theoriebildung. Eine Herleitung dieses &#8222;<a title="IML" href="http://hrkll.ch/WordPress/?page_id=19">IML</a>&#8220; gibt es in Buchform. Hier findet man zusätzliches Material, das die Darstellungen im Buch ergänzt.</p>
<p>Eine systematische Darstellung des Modells findet sich unter <a title="IML2" href="http://hrkll.ch/WordPress/?page_id=35">IML2</a>. IML2 geht in einigen Punkten über das ursprüngliche IML hinaus.</p>
<h2><a title="Schienen" href="http://hrkll.ch/WordPress/lehrerbildung/">Lehrerbildung</a></h2>
<p>Verschiedene Überlegungen zur Lehrerbildung. Darunter ein durch das IML begündbares Format wirksamer Weiterbildungen sowie Fragen zum Verhältnis zwischen Forscher und Lehrperson.</p>
<h2><a title="Situierte Kompetenzen" href="http://hrkll.ch/WordPress/?page_id=40">Situierte Kompetenzen</a></h2>
<p>Situierte Kompetenzen ist ein Versuch, ein Format zu Beschreibung von Ausbildungszielen zu entwickeln, welches konsequent auf den Eigenschaften des IML aufbaut.</p>
<h2><a title="Alltagsmathematik" href="http://hrkll.ch/WordPress/?page_id=29">Alltagsmathematik</a></h2>
<p>Eine Vielzahl kleiner, ineinander greifender Projekte, bei denen es darum geht, die mathematische Kompetenz verschiedenster Personen im privaten und beruflichen Alltag zu fördern. Auch hier spielt das IML als lerntheoretischer Hintergrund eine wichtige Rolle.</p>
<h2><a title="Fachrechnen vom Kopf auf die Füsse gestellt" href="http://hrkll.ch/WordPress/?page_id=1554">Fachrechnen vom Kopf auf die Füsse gestellt</a></h2>
<p>Ein Handbuch für all diejenigen, welche ihren Unterricht im Fachrechnen an der Berufsfachschule näher mit der betrieblichen Wirklichkeit verzahnen möchten. Zentral ist die Vorstellung der Verankerung von Rechnen/Mathematik in konkreten Handlungssituationen.</p>
<h2>Zur Person</h2>
<p>Hansruedi Kaiser, Dr. phil.</p>
<p>Lange Zeit arbeitete ich am Eidgenössischen Hochschulinstitut für Berufsbildung als Senior Researcher. Unterdessen bin ich pensioniert und habe viel Zeit zum Nachdenken. Ob die Themen, mit denen ich mich jetzt beschäftige, den Weg auf diese Website finden werden, ist noch ungewiss.</p>
<p>Der Grundstock des Wissens, auf dem ich aufbaue, entstand in langjähriger universitärer Forschungs- und Lehrtätigkeit zu den Themen Lernen, Denken und kooperatives Problemlösen. Dem folgten praktische Umsetzungen bei der Entwicklung von Expertensystemen (UBS), bei der Gestaltung computerbasierter Lernmöglichkeiten (Beratung diverser Firmen), im Bereich Mensch-Computer-Interaktion (Lehraufträge an Fachhochschulen und im Rahmen des Nachdiplomstudiums Informatik und Telekommunikation) und bei der Entwicklung flexibler Formen der Lehrerweiterbildung sowie der Gestaltung ganzer Ausbildungsgänge (Departement Berufsbildung des Schweizerisches Rotes Kreuz).</p>
<p>Dabei beschäftigt mich wissenschaftstheoretisch auch immer die Frage: <a href="http://hrkll.ch/WordPress/lehrerbildung/wirkungskaskade/">Wie kann ein Forscher gezielt Wissen erarbeiten</a>, das einer Dozentin hilft ihren Lehrerstudenten zu helfen, dass diese in der Lage sind, ihren Lernenden zu helfen handlungswirksames Wissen zu erwerben?</p>
<p>Eine mehr oder weniger komplette <a title="Publikationsliste auf academia.edu" href="http://ehb-schweiz.academia.edu/HansruediKaiser" target="_blank" rel="noopener noreferrer">Publikationsliste </a>findet sich auf academia.edu</p>

<p>Ein Integrierendes Modell des Lernens In gut 40 Jahren Arbeit ist ein Modell des menschlichen Lernens entstanden und vielfach eingesetzt worden. Es hat sich vor allem als Hintergrundmodell für die Arbeit von Lehrpersonen an Berufsfachschulen bewährt. Diese müssen  in ihrer &hellip; <a href="https://hrkll.ch/WordPress/about/">Weiterlesen <span class="meta-nav">&rarr;</span></a></p>
